Last updated on 2025-04-30 04:50:17 CEST.
Flavor | Version | Tinstall | Tcheck | Ttotal | Status | Flags |
---|---|---|---|---|---|---|
r-devel-linux-x86_64-debian-clang | 0.1 | 1.67 | 16.86 | 18.53 | NOTE | |
r-devel-linux-x86_64-debian-gcc | 0.1 | 1.42 | 13.76 | 15.18 | NOTE | |
r-devel-linux-x86_64-fedora-clang | 0.1 | 28.83 | OK | |||
r-devel-linux-x86_64-fedora-gcc | 0.1 | 27.85 | OK | |||
r-devel-windows-x86_64 | 0.1 | 3.00 | 38.00 | 41.00 | OK | |
r-patched-linux-x86_64 | 0.1 | 1.71 | 16.12 | 17.83 | OK | |
r-release-linux-x86_64 | 0.1 | 1.56 | 16.15 | 17.71 | OK | |
r-release-macos-arm64 | 0.1 | 15.00 | OK | |||
r-release-macos-x86_64 | 0.1 | 23.00 | OK | |||
r-release-windows-x86_64 | 0.1 | 3.00 | 40.00 | 43.00 | OK | |
r-oldrel-macos-arm64 | 0.1 | 13.00 | NOTE | |||
r-oldrel-macos-x86_64 | 0.1 | 20.00 | NOTE | |||
r-oldrel-windows-x86_64 | 0.1 | 3.00 | 40.00 | 43.00 | NOTE |
Version: 0.1
Check: CRAN incoming feasibility
Result: NOTE
Maintainer: ‘Sunny Kumar <sunny.nitie14@gmail.com>’
No Authors@R field in DESCRIPTION.
Please add one, modifying
Authors@R: person(given = "Sunny",
family = "Kumar",
role = c("aut", "cre"),
email = "sunny.nitie14@gmail.com")
as necessary.
Flavors: r-devel-linux-x86_64-debian-clang, r-devel-linux-x86_64-debian-gcc
Version: 0.1
Check: LazyData
Result: NOTE
'LazyData' is specified without a 'data' directory
Flavors: r-oldrel-macos-arm64, r-oldrel-macos-x86_64, r-oldrel-windows-x86_64