Last updated on 2025-04-30 04:50:17 CEST.
Flavor | Version | Tinstall | Tcheck | Ttotal | Status | Flags |
---|---|---|---|---|---|---|
r-devel-linux-x86_64-debian-clang | 0.1.9 | 107.99 | 45.52 | 153.51 | NOTE | |
r-devel-linux-x86_64-debian-gcc | 0.1.9 | 70.74 | 33.15 | 103.89 | NOTE | |
r-devel-linux-x86_64-fedora-clang | 0.1.9 | 304.76 | NOTE | |||
r-devel-linux-x86_64-fedora-gcc | 0.1.9 | 299.05 | NOTE | |||
r-devel-windows-x86_64 | 0.1.9 | 123.00 | 92.00 | 215.00 | NOTE | |
r-patched-linux-x86_64 | 0.1.9 | 99.74 | 41.28 | 141.02 | NOTE | |
r-release-linux-x86_64 | 0.1.9 | 103.11 | 41.04 | 144.15 | NOTE | |
r-release-macos-arm64 | 0.1.9 | 85.00 | NOTE | |||
r-release-macos-x86_64 | 0.1.9 | 109.00 | NOTE | |||
r-release-windows-x86_64 | 0.1.9 | 125.00 | 96.00 | 221.00 | NOTE | |
r-oldrel-macos-arm64 | 0.1.9 | 72.00 | NOTE | |||
r-oldrel-macos-x86_64 | 0.1.9 | 114.00 | NOTE | |||
r-oldrel-windows-x86_64 | 0.1.9 | 139.00 | 114.00 | 253.00 | NOTE |
Version: 0.1.9
Check: C++ specification
Result: NOTE
Specified C++11: please drop specification unless essential
Flavors: r-devel-linux-x86_64-debian-clang, r-devel-linux-x86_64-debian-gcc, r-devel-linux-x86_64-fedora-clang, r-devel-linux-x86_64-fedora-gcc, r-devel-windows-x86_64, r-patched-linux-x86_64, r-release-linux-x86_64, r-release-macos-arm64, r-release-macos-x86_64, r-release-windows-x86_64, r-oldrel-macos-arm64, r-oldrel-macos-x86_64, r-oldrel-windows-x86_64