Last updated on 2025-04-30 04:50:17 CEST.
Flavor | Version | Tinstall | Tcheck | Ttotal | Status | Flags |
---|---|---|---|---|---|---|
r-devel-linux-x86_64-debian-clang | 2.0 | 11.53 | 84.56 | 96.09 | NOTE | |
r-devel-linux-x86_64-debian-gcc | 2.0 | 5.77 | 58.00 | 63.77 | NOTE | |
r-devel-linux-x86_64-fedora-clang | 2.0 | 138.92 | OK | |||
r-devel-linux-x86_64-fedora-gcc | 2.0 | 140.58 | OK | |||
r-devel-windows-x86_64 | 2.0 | 12.00 | 95.00 | 107.00 | OK | |
r-patched-linux-x86_64 | 2.0 | 10.77 | 80.20 | 90.97 | OK | |
r-release-linux-x86_64 | 2.0 | 9.05 | 79.39 | 88.44 | OK | |
r-release-macos-arm64 | 2.0 | 38.00 | OK | |||
r-release-macos-x86_64 | 2.0 | 74.00 | OK | |||
r-release-windows-x86_64 | 2.0 | 13.00 | 96.00 | 109.00 | OK | |
r-oldrel-macos-arm64 | 2.0 | 36.00 | OK | |||
r-oldrel-macos-x86_64 | 2.0 | 61.00 | OK | |||
r-oldrel-windows-x86_64 | 2.0 | 15.00 | 121.00 | 136.00 | OK |
Version: 2.0
Check: CRAN incoming feasibility
Result: NOTE
Maintainer: ‘Sara Viviani <sara.viviani@yahoo.it>’
No Authors@R field in DESCRIPTION.
Please add one, modifying
Authors@R: c(person(given = "Carlo",
family = "Cafiero",
role = "aut"),
person(given = "Sara",
family = "Viviani",
role = c("aut", "cre"),
email = "sara.viviani@yahoo.it"),
person(given = "Mark",
family = "Nord",
role = "aut"))
as necessary.
Found the following \keyword or \concept entries
which likely give several index terms:
File ‘RM.weights-package.Rd’:
\keyword{ Conditional maximum likelihood, Rasch mo [TRUNCATED]
Flavors: r-devel-linux-x86_64-debian-clang, r-devel-linux-x86_64-debian-gcc
Version: 2.0
Check: examples
Result: NOTE
Examples with CPU (user + system) or elapsed time > 5s
user system elapsed
equating.fun 3.044 0.039 5.051
prob.assign 3.027 0.000 5.436
Flavor: r-devel-linux-x86_64-debian-clang