Last updated on 2025-04-30 04:50:17 CEST.
Flavor | Version | Tinstall | Tcheck | Ttotal | Status | Flags |
---|---|---|---|---|---|---|
r-devel-linux-x86_64-debian-clang | 1.1.0 | 3.64 | 63.27 | 66.91 | NOTE | |
r-devel-linux-x86_64-debian-gcc | 1.1.0 | 4.22 | 44.57 | 48.79 | NOTE | |
r-devel-linux-x86_64-fedora-clang | 1.1.0 | 118.94 | OK | |||
r-devel-linux-x86_64-fedora-gcc | 1.1.0 | 124.67 | OK | |||
r-devel-windows-x86_64 | 1.1.0 | 7.00 | 94.00 | 101.00 | OK | |
r-patched-linux-x86_64 | 1.1.0 | 6.59 | 60.25 | 66.84 | OK | |
r-release-linux-x86_64 | 1.1.0 | 6.21 | 60.34 | 66.55 | OK | |
r-release-macos-arm64 | 1.1.0 | 48.00 | OK | |||
r-release-macos-x86_64 | 1.1.0 | 96.00 | OK | |||
r-release-windows-x86_64 | 1.1.0 | 8.00 | 93.00 | 101.00 | OK | |
r-oldrel-macos-arm64 | 1.1.0 | 44.00 | OK | |||
r-oldrel-macos-x86_64 | 1.1.0 | 80.00 | OK | |||
r-oldrel-windows-x86_64 | 1.1.0 | 7.00 | 103.00 | 110.00 | OK |
Version: 1.1.0
Check: CRAN incoming feasibility
Result: NOTE
Maintainer: ‘Jan Wijffels <jwijffels@bnosac.be>’
Package CITATION file contains call(s) to old-style personList() or
as.personList(). Please use c() on person objects instead.
Package CITATION file contains call(s) to old-style citEntry(). Please
use bibentry() instead.
Flavors: r-devel-linux-x86_64-debian-clang, r-devel-linux-x86_64-debian-gcc
Version: 1.1.0
Check: examples
Result: NOTE
Examples with CPU (user + system) or elapsed time > 5s
user system elapsed
predict.MOA_trainedmodel 5.949 0.319 7.093
Flavor: r-devel-linux-x86_64-debian-clang