CRAN Package Check Results for Package RMPSH

Last updated on 2025-04-30 04:50:17 CEST.

Flavor Version Tinstall Tcheck Ttotal Status Flags
r-devel-linux-x86_64-debian-clang 1.1.1 30.33 23.85 54.18 NOTE
r-devel-linux-x86_64-debian-gcc 1.1.1 21.26 19.41 40.67 NOTE
r-devel-linux-x86_64-fedora-clang 1.1.1 100.48 OK
r-devel-linux-x86_64-fedora-gcc 1.1.1 94.60 OK
r-devel-windows-x86_64 1.1.1 40.00 64.00 104.00 OK
r-patched-linux-x86_64 1.1.1 29.29 22.72 52.01 OK
r-release-linux-x86_64 1.1.1 28.61 23.05 51.66 OK
r-release-macos-arm64 1.1.1 31.00 OK
r-release-macos-x86_64 1.1.1 50.00 OK
r-release-windows-x86_64 1.1.1 41.00 63.00 104.00 OK
r-oldrel-macos-arm64 1.1.1 32.00 NOTE
r-oldrel-macos-x86_64 1.1.1 49.00 NOTE
r-oldrel-windows-x86_64 1.1.1 43.00 73.00 116.00 NOTE

Check Details

Version: 1.1.1
Check: CRAN incoming feasibility
Result: NOTE Maintainer: ‘Priyam Das <pdas@ncsu.edu>’ The Description field contains Described in the paper : Das (2016) <arXiv:1604.08616> . Please refer to arXiv e-prints via their arXiv DOI <doi:10.48550/arXiv.YYMM.NNNNN>. Flavors: r-devel-linux-x86_64-debian-clang, r-devel-linux-x86_64-debian-gcc

Version: 1.1.1
Check: LazyData
Result: NOTE 'LazyData' is specified without a 'data' directory Flavors: r-oldrel-macos-arm64, r-oldrel-macos-x86_64, r-oldrel-windows-x86_64