Last updated on 2025-04-30 04:50:17 CEST.
Flavor | Version | Tinstall | Tcheck | Ttotal | Status | Flags |
---|---|---|---|---|---|---|
r-devel-linux-x86_64-debian-clang | 0.0.1 | 3.54 | 43.78 | 47.32 | NOTE | |
r-devel-linux-x86_64-debian-gcc | 0.0.1 | 2.21 | 34.62 | 36.83 | NOTE | |
r-devel-linux-x86_64-fedora-clang | 0.0.1 | 74.40 | NOTE | |||
r-devel-linux-x86_64-fedora-gcc | 0.0.1 | 94.48 | NOTE | |||
r-devel-windows-x86_64 | 0.0.1 | 5.00 | 63.00 | 68.00 | OK | |
r-patched-linux-x86_64 | 0.0.1 | 3.95 | 45.75 | 49.70 | OK | |
r-release-linux-x86_64 | 0.0.1 | 3.57 | 45.49 | 49.06 | OK | |
r-release-macos-arm64 | 0.0.1 | 33.00 | OK | |||
r-release-macos-x86_64 | 0.0.1 | 69.00 | OK | |||
r-release-windows-x86_64 | 0.0.1 | 6.00 | 65.00 | 71.00 | OK | |
r-oldrel-macos-arm64 | 0.0.1 | 33.00 | OK | |||
r-oldrel-macos-x86_64 | 0.0.1 | 78.00 | OK | |||
r-oldrel-windows-x86_64 | 0.0.1 | 7.00 | 74.00 | 81.00 | OK |
Version: 0.0.1
Check: examples
Result: NOTE
Examples with CPU (user + system) or elapsed time > 5s
user system elapsed
Limits 6.020 0.245 9.592
GeneralMarchenkoPastur 3.086 0.253 5.091
Flavor: r-devel-linux-x86_64-debian-clang
Version: 0.0.1
Check: examples
Result: NOTE
Examples with CPU (user + system) or elapsed time > 5s
user system elapsed
Limits 5.466 0.251 7.555
Flavor: r-devel-linux-x86_64-debian-gcc
Version: 0.0.1
Check: dependencies in R code
Result: NOTE
Namespace in Imports field not imported from: ‘quadprog’
All declared Imports should be used.
Flavors: r-devel-linux-x86_64-fedora-clang, r-devel-linux-x86_64-fedora-gcc