Last updated on 2025-04-30 04:50:17 CEST.
Flavor | Version | Tinstall | Tcheck | Ttotal | Status | Flags |
---|---|---|---|---|---|---|
r-devel-linux-x86_64-debian-clang | 0.1-6 | 4.68 | 35.68 | 40.36 | NOTE | |
r-devel-linux-x86_64-debian-gcc | 0.1-6 | 3.17 | 25.33 | 28.50 | OK | |
r-devel-linux-x86_64-fedora-clang | 0.1-6 | 62.62 | OK | |||
r-devel-linux-x86_64-fedora-gcc | 0.1-6 | 61.13 | OK | |||
r-devel-windows-x86_64 | 0.1-6 | 4.00 | 56.00 | 60.00 | OK | |
r-patched-linux-x86_64 | 0.1-6 | 4.60 | 33.46 | 38.06 | OK | |
r-release-linux-x86_64 | 0.1-6 | 3.93 | 33.48 | 37.41 | OK | |
r-release-macos-arm64 | 0.1-6 | 22.00 | OK | |||
r-release-macos-x86_64 | 0.1-6 | 39.00 | OK | |||
r-release-windows-x86_64 | 0.1-6 | 5.00 | 51.00 | 56.00 | OK | |
r-oldrel-macos-arm64 | 0.1-6 | 23.00 | OK | |||
r-oldrel-macos-x86_64 | 0.1-6 | 37.00 | OK | |||
r-oldrel-windows-x86_64 | 0.1-6 | 4.00 | 61.00 | 65.00 | OK |
Version: 0.1-6
Check: examples
Result: NOTE
Examples with CPU (user + system) or elapsed time > 5s
user system elapsed
plotPIccc 5.237 0.148 7.791
Flavor: r-devel-linux-x86_64-debian-clang