Last updated on 2025-04-30 04:50:17 CEST.
Flavor | Version | Tinstall | Tcheck | Ttotal | Status | Flags |
---|---|---|---|---|---|---|
r-devel-linux-x86_64-debian-clang | 1.2.2 | 11.40 | 107.59 | 118.99 | NOTE | |
r-devel-linux-x86_64-debian-gcc | 1.2.2 | 8.85 | 76.43 | 85.28 | NOTE | |
r-devel-linux-x86_64-fedora-clang | 1.2.2 | 181.69 | OK | |||
r-devel-linux-x86_64-fedora-gcc | 1.2.2 | 176.03 | OK | |||
r-devel-windows-x86_64 | 1.2.2 | 12.00 | 113.00 | 125.00 | NOTE | |
r-patched-linux-x86_64 | 1.2.2 | 10.13 | 97.63 | 107.76 | NOTE | |
r-release-linux-x86_64 | 1.2.2 | 11.49 | 100.15 | 111.64 | NOTE | |
r-release-macos-arm64 | 1.2.2 | 52.00 | OK | |||
r-release-macos-x86_64 | 1.2.2 | 106.00 | OK | |||
r-release-windows-x86_64 | 1.2.2 | 12.00 | 113.00 | 125.00 | NOTE | |
r-oldrel-macos-arm64 | 1.2.2 | 52.00 | OK | |||
r-oldrel-macos-x86_64 | 1.2.2 | 76.00 | OK | |||
r-oldrel-windows-x86_64 | 1.2.2 | 17.00 | 141.00 | 158.00 | OK |
Version: 1.2.2
Check: Rd cross-references
Result: NOTE
Found the following Rd file(s) with Rd \link{} targets missing package
anchors:
ci.Rd: lavaan
mbco.Rd: mxOption
Please provide package anchors for all Rd \link{} targets not in the
package itself and the base packages.
Flavors: r-devel-linux-x86_64-debian-clang, r-devel-linux-x86_64-debian-gcc, r-devel-windows-x86_64, r-patched-linux-x86_64, r-release-linux-x86_64, r-release-windows-x86_64
Version: 1.2.2
Check: examples
Result: NOTE
Examples with CPU (user + system) or elapsed time > 5s
user system elapsed
ci 4.438 0.424 6.212
Flavor: r-devel-linux-x86_64-debian-clang
Version: 1.2.2
Check: examples
Result: NOTE
Examples with CPU (user + system) or elapsed time > 5s
user system elapsed
ci 3.92 0.048 5.2
Flavor: r-devel-linux-x86_64-debian-gcc