Last updated on 2025-04-30 04:50:17 CEST.
Flavor | Version | Tinstall | Tcheck | Ttotal | Status | Flags |
---|---|---|---|---|---|---|
r-devel-linux-x86_64-debian-clang | 0.2.1 | 33.33 | 398.76 | 432.09 | NOTE | |
r-devel-linux-x86_64-debian-gcc | 0.2.1 | 23.96 | 278.66 | 302.62 | OK | |
r-devel-linux-x86_64-fedora-clang | 0.2.1 | 727.16 | OK | |||
r-devel-linux-x86_64-fedora-gcc | 0.2.1 | 682.34 | OK | |||
r-devel-windows-x86_64 | 0.2.1 | 36.00 | 364.00 | 400.00 | OK | |
r-patched-linux-x86_64 | 0.2.1 | 31.44 | 375.65 | 407.09 | OK | |
r-release-linux-x86_64 | 0.2.1 | 31.95 | 380.32 | 412.27 | OK | |
r-release-macos-arm64 | 0.2.1 | 166.00 | OK | |||
r-release-macos-x86_64 | 0.2.1 | 404.00 | OK | |||
r-release-windows-x86_64 | 0.2.1 | 37.00 | 367.00 | 404.00 | OK | |
r-oldrel-macos-arm64 | 0.2.1 | 162.00 | OK | |||
r-oldrel-macos-x86_64 | 0.2.1 | 524.00 | NOTE | |||
r-oldrel-windows-x86_64 | 0.2.1 | 44.00 | 481.00 | 525.00 | OK |
Version: 0.2.1
Check: examples
Result: NOTE
Examples with CPU (user + system) or elapsed time > 5s
user system elapsed
plot_chromosome 4.364 0.114 5.903
plot_biotypes 3.404 0.068 5.157
Flavor: r-devel-linux-x86_64-debian-clang
Version: 0.2.1
Check: installed package size
Result: NOTE
installed size is 5.5Mb
sub-directories of 1Mb or more:
data 3.0Mb
doc 2.3Mb
Flavor: r-oldrel-macos-x86_64