CRAN Package Check Results for Package RNGforGPD

Last updated on 2025-04-30 04:50:17 CEST.

Flavor Version Tinstall Tcheck Ttotal Status Flags
r-devel-linux-x86_64-debian-clang 1.1.0 6.56 73.60 80.16 NOTE
r-devel-linux-x86_64-debian-gcc 1.1.0 5.04 53.09 58.13 NOTE
r-devel-linux-x86_64-fedora-clang 1.1.0 126.78 OK
r-devel-linux-x86_64-fedora-gcc 1.1.0 135.43 OK
r-devel-windows-x86_64 1.1.0 7.00 83.00 90.00 OK
r-patched-linux-x86_64 1.1.0 6.62 68.30 74.92 OK
r-release-linux-x86_64 1.1.0 6.27 68.43 74.70 OK
r-release-macos-arm64 1.1.0 62.00 OK
r-release-macos-x86_64 1.1.0 90.00 OK
r-release-windows-x86_64 1.1.0 7.00 87.00 94.00 OK
r-oldrel-macos-arm64 1.1.0 45.00 NOTE
r-oldrel-macos-x86_64 1.1.0 66.00 NOTE
r-oldrel-windows-x86_64 1.1.0 8.00 99.00 107.00 NOTE

Check Details

Version: 1.1.0
Check: CRAN incoming feasibility
Result: NOTE Maintainer: ‘Ruizhe Chen <rchen18@uic.edu>’ No Authors@R field in DESCRIPTION. Please add one, modifying Authors@R: c(person(given = "Hesen", family = "Li", role = "aut"), person(given = "Ruizhe", family = "Chen", role = c("aut", "cre"), email = "rchen18@uic.edu"), person(given = "Hai", family = "Nguyen", role = "aut"), person(given = "Yu-Che", family = "Chung", role = "aut"), person(given = "Ran", family = "Gao", role = "aut"), person(given = "Hakan", family = "Demirtas", role = "aut")) as necessary. Flavors: r-devel-linux-x86_64-debian-clang, r-devel-linux-x86_64-debian-gcc

Version: 1.1.0
Check: LazyData
Result: NOTE 'LazyData' is specified without a 'data' directory Flavors: r-oldrel-macos-arm64, r-oldrel-macos-x86_64, r-oldrel-windows-x86_64