Last updated on 2025-04-30 04:50:17 CEST.
Flavor | Version | Tinstall | Tcheck | Ttotal | Status | Flags |
---|---|---|---|---|---|---|
r-devel-linux-x86_64-debian-clang | 2.10-2 | 18.22 | 41.13 | 59.35 | OK | |
r-devel-linux-x86_64-debian-gcc | 2.10-2 | 13.24 | 30.37 | 43.61 | OK | |
r-devel-linux-x86_64-fedora-clang | 2.10-2 | 107.42 | OK | |||
r-devel-linux-x86_64-fedora-gcc | 2.10-2 | 94.09 | OK | |||
r-devel-windows-x86_64 | 2.10-2 | 78.00 | 200.00 | 278.00 | OK | |
r-patched-linux-x86_64 | 2.10-2 | 15.39 | 39.18 | 54.57 | OK | |
r-release-linux-x86_64 | 2.10-2 | 14.86 | 39.18 | 54.04 | OK | |
r-release-macos-arm64 | 2.10-2 | 74.00 | OK | |||
r-release-macos-x86_64 | 2.10-2 | 104.00 | OK | |||
r-release-windows-x86_64 | 2.10-2 | 86.00 | 206.00 | 292.00 | OK | |
r-oldrel-macos-arm64 | 2.10-2 | 74.00 | NOTE | |||
r-oldrel-macos-x86_64 | 2.10-2 | 101.00 | NOTE | |||
r-oldrel-windows-x86_64 | 2.10-2 | 95.00 | 232.00 | 327.00 | NOTE |
Version: 2.10-2
Check: package dependencies
Result: NOTE
Packages which this enhances but not available for checking:
'pbdMPI', 'Rmpi'
Flavors: r-oldrel-macos-arm64, r-oldrel-macos-x86_64
Version: 2.10-2
Check: installed package size
Result: NOTE
installed size is 6.8Mb
sub-directories of 1Mb or more:
libs 6.6Mb
Flavors: r-oldrel-macos-arm64, r-oldrel-macos-x86_64, r-oldrel-windows-x86_64
Version: 2.10-2
Check: Rd cross-references
Result: NOTE
Packages unavailable to check Rd xrefs: ‘pbdMPI’, ‘Rmpi’
Flavors: r-oldrel-macos-arm64, r-oldrel-macos-x86_64