Last updated on 2025-04-30 04:50:17 CEST.
Flavor | Version | Tinstall | Tcheck | Ttotal | Status | Flags |
---|---|---|---|---|---|---|
r-devel-linux-x86_64-debian-clang | 1.2.8 | 61.00 | 97.54 | 158.54 | NOTE | |
r-devel-linux-x86_64-debian-gcc | 1.2.8 | 43.82 | 68.75 | 112.57 | NOTE | |
r-devel-linux-x86_64-fedora-clang | 1.2.8 | 261.12 | NOTE | |||
r-devel-linux-x86_64-fedora-gcc | 1.2.8 | 271.10 | NOTE | |||
r-devel-windows-x86_64 | 1.2.8 | 70.00 | 118.00 | 188.00 | NOTE | |
r-patched-linux-x86_64 | 1.2.8 | 60.28 | 87.31 | 147.59 | NOTE | |
r-release-linux-x86_64 | 1.2.8 | 64.10 | 88.26 | 152.36 | NOTE | |
r-release-macos-arm64 | 1.2.8 | 82.00 | NOTE | |||
r-release-macos-x86_64 | 1.2.8 | 111.00 | NOTE | |||
r-release-windows-x86_64 | 1.2.8 | 70.00 | 124.00 | 194.00 | NOTE | |
r-oldrel-macos-arm64 | 1.2.8 | 73.00 | OK | |||
r-oldrel-macos-x86_64 | 1.2.8 | 91.00 | OK | |||
r-oldrel-windows-x86_64 | 1.2.8 | 80.00 | 150.00 | 230.00 | OK |
Version: 1.2.8
Check: CRAN incoming feasibility
Result: NOTE
Maintainer: ‘Kasper Welbers <kasperwelbers@gmail.com>’
No Authors@R field in DESCRIPTION.
Please add one, modifying
Authors@R: c(person(given = c("Kasper", "Welbers", "&", "Wouter"),
family = "van Atteveldt",
role = "aut"),
person(given = "Kasper",
family = "Welbers",
role = "cre",
email = "kasperwelbers@gmail.com"))
as necessary.
Flavors: r-devel-linux-x86_64-debian-clang, r-devel-linux-x86_64-debian-gcc
Version: 1.2.8
Check: DESCRIPTION meta-information
Result: NOTE
Missing dependency on R >= 4.1.0 because package code uses the pipe
|> or function shorthand \(...) syntax added in R 4.1.0.
File(s) using such syntax:
‘compare_documents.Rd’ ‘term_char_sim.Rd’ ‘term_union.Rd’
Flavors: r-devel-linux-x86_64-debian-clang, r-devel-linux-x86_64-debian-gcc, r-devel-linux-x86_64-fedora-clang, r-devel-linux-x86_64-fedora-gcc, r-devel-windows-x86_64, r-patched-linux-x86_64, r-release-linux-x86_64, r-release-macos-arm64, r-release-macos-x86_64, r-release-windows-x86_64