Last updated on 2025-04-30 04:50:17 CEST.
Flavor | Version | Tinstall | Tcheck | Ttotal | Status | Flags |
---|---|---|---|---|---|---|
r-devel-linux-x86_64-debian-clang | 1.3 | 3.25 | 31.94 | 35.19 | NOTE | |
r-devel-linux-x86_64-debian-gcc | 1.3 | 2.45 | 25.26 | 27.71 | NOTE | |
r-devel-linux-x86_64-fedora-clang | 1.3 | 55.05 | OK | |||
r-devel-linux-x86_64-fedora-gcc | 1.3 | 52.26 | OK | |||
r-devel-windows-x86_64 | 1.3 | 4.00 | 53.00 | 57.00 | OK | |
r-patched-linux-x86_64 | 1.3 | 3.58 | 30.61 | 34.19 | OK | |
r-release-linux-x86_64 | 1.3 | 3.27 | 30.60 | 33.87 | OK | |
r-release-macos-arm64 | 1.3 | 21.00 | OK | |||
r-release-macos-x86_64 | 1.3 | 36.00 | OK | |||
r-release-windows-x86_64 | 1.3 | 4.00 | 54.00 | 58.00 | OK | |
r-oldrel-macos-arm64 | 1.3 | 20.00 | OK | |||
r-oldrel-macos-x86_64 | 1.3 | 31.00 | OK | |||
r-oldrel-windows-x86_64 | 1.3 | 5.00 | 56.00 | 61.00 | OK |
Version: 1.3
Check: CRAN incoming feasibility
Result: NOTE
Maintainer: ‘Shenghai Dai <s.dai@wsu.edu>’
The Description field contains
<https://acsjournals.onlinelibrary.wiley.com/doi/abs/10.1002/1097-0142%281950%293%3A1%3C32%3A%3AAID-CNCR2820030106%3E3.0.CO%3B2-3>,
Please use permanent DOI markup for linking to publications as in <doi:prefix/suffix>.
Flavors: r-devel-linux-x86_64-debian-clang, r-devel-linux-x86_64-debian-gcc