Last updated on 2025-04-30 04:50:17 CEST.
Flavor | Version | Tinstall | Tcheck | Ttotal | Status | Flags |
---|---|---|---|---|---|---|
r-devel-linux-x86_64-debian-clang | 1.0-1 | 5.91 | 486.21 | 492.12 | NOTE | |
r-devel-linux-x86_64-debian-gcc | 1.0-1 | 4.13 | 304.94 | 309.07 | NOTE | |
r-devel-linux-x86_64-fedora-clang | 1.0-1 | 76.08 | NOTE | |||
r-devel-linux-x86_64-fedora-gcc | 1.0-1 | 73.70 | NOTE | |||
r-devel-windows-x86_64 | 1.0-1 | 44.00 | 365.00 | 409.00 | NOTE | |
r-patched-linux-x86_64 | 1.0-1 | 6.40 | 450.67 | 457.07 | NOTE | |
r-release-linux-x86_64 | 1.0-1 | 6.13 | 450.81 | 456.94 | NOTE | |
r-release-macos-arm64 | 1.0-1 | 25.00 | NOTE | |||
r-release-macos-x86_64 | 1.0-1 | 45.00 | NOTE | |||
r-release-windows-x86_64 | 1.0-1 | 37.00 | 344.00 | 381.00 | NOTE | |
r-oldrel-macos-arm64 | 1.0-1 | 26.00 | NOTE | |||
r-oldrel-macos-x86_64 | 1.0-1 | 36.00 | NOTE | |||
r-oldrel-windows-x86_64 | 1.0-1 | 57.00 | 459.00 | 516.00 | NOTE |
Version: 1.0-1
Check: Rd files
Result: NOTE
checkRd: (-1) ROI_plugin_build_equality_constraints.Rd:27: Lost braces in \enumerate; meant \describe ?
checkRd: (-1) ROI_plugin_build_equality_constraints.Rd:28: Lost braces in \enumerate; meant \describe ?
checkRd: (-1) ROI_plugin_build_inequality_constraints.Rd:27: Lost braces in \enumerate; meant \describe ?
checkRd: (-1) ROI_plugin_build_inequality_constraints.Rd:28: Lost braces in \enumerate; meant \describe ?
checkRd: (-1) ROI_plugin_build_inequality_constraints.Rd:29: Lost braces in \enumerate; meant \describe ?
checkRd: (-1) ROI_solve.Rd:26: Lost braces in \itemize; \value handles \item{}{} directly
checkRd: (-1) ROI_solve.Rd:27: Lost braces in \itemize; \value handles \item{}{} directly
checkRd: (-1) ROI_solve.Rd:28-30: Lost braces in \itemize; \value handles \item{}{} directly
checkRd: (-1) ROI_solve.Rd:31: Lost braces in \itemize; \value handles \item{}{} directly
Flavors: r-devel-linux-x86_64-debian-clang, r-devel-linux-x86_64-debian-gcc, r-devel-linux-x86_64-fedora-clang, r-devel-linux-x86_64-fedora-gcc, r-devel-windows-x86_64, r-patched-linux-x86_64, r-release-linux-x86_64, r-release-macos-arm64, r-release-macos-x86_64, r-release-windows-x86_64, r-oldrel-macos-arm64, r-oldrel-macos-x86_64, r-oldrel-windows-x86_64