Last updated on 2025-04-30 04:50:17 CEST.
Flavor | Version | Tinstall | Tcheck | Ttotal | Status | Flags |
---|---|---|---|---|---|---|
r-devel-linux-x86_64-debian-clang | 0.3.9 | 9.64 | 29.75 | 39.39 | NOTE | |
r-devel-linux-x86_64-debian-gcc | 0.3.9 | 8.41 | 23.15 | 31.56 | NOTE | |
r-devel-linux-x86_64-fedora-clang | 0.3.9 | 64.33 | OK | |||
r-devel-linux-x86_64-fedora-gcc | 0.3.9 | 62.29 | OK | |||
r-devel-windows-x86_64 | 0.3.9 | 12.00 | 52.00 | 64.00 | OK | |
r-patched-linux-x86_64 | 0.3.9 | 11.97 | 28.17 | 40.14 | OK | |
r-release-linux-x86_64 | 0.3.9 | 11.02 | 28.39 | 39.41 | OK | |
r-release-macos-arm64 | 0.3.9 | 25.00 | OK | |||
r-release-macos-x86_64 | 0.3.9 | 45.00 | OK | |||
r-release-windows-x86_64 | 0.3.9 | 10.00 | 55.00 | 65.00 | OK | |
r-oldrel-macos-arm64 | 0.3.9 | 22.00 | OK | |||
r-oldrel-macos-x86_64 | 0.3.9 | 33.00 | OK | |||
r-oldrel-windows-x86_64 | 0.3.9 | 13.00 | 58.00 | 71.00 | OK |
Version: 0.3.9
Check: CRAN incoming feasibility
Result: NOTE
Maintainer: ‘Yoann Robin <yoann.robin.k@gmail.com>’
The Description field contains
generator, see Mezzadri, F. (2007) <arXiv:math-ph/0609050>.
Please refer to arXiv e-prints via their arXiv DOI <doi:10.48550/arXiv.YYMM.NNNNN>.
Flavors: r-devel-linux-x86_64-debian-clang, r-devel-linux-x86_64-debian-gcc