Last updated on 2025-04-30 04:50:17 CEST.
Flavor | Version | Tinstall | Tcheck | Ttotal | Status | Flags |
---|---|---|---|---|---|---|
r-devel-linux-x86_64-debian-clang | 0.1.2 | 2.66 | 26.15 | 28.81 | OK | |
r-devel-linux-x86_64-debian-gcc | 0.1.2 | 2.11 | 20.78 | 22.89 | OK | |
r-devel-linux-x86_64-fedora-clang | 0.1.2 | 42.29 | OK | |||
r-devel-linux-x86_64-fedora-gcc | 0.1.2 | 41.47 | OK | |||
r-devel-windows-x86_64 | 0.1.2 | 3.00 | 47.00 | 50.00 | OK | |
r-patched-linux-x86_64 | 0.1.2 | 2.73 | 23.97 | 26.70 | OK | |
r-release-linux-x86_64 | 0.1.2 | 2.47 | 23.73 | 26.20 | OK | |
r-release-macos-arm64 | 0.1.2 | 18.00 | OK | |||
r-release-macos-x86_64 | 0.1.2 | 30.00 | OK | |||
r-release-windows-x86_64 | 0.1.2 | 5.00 | 50.00 | 55.00 | OK | |
r-oldrel-macos-arm64 | 0.1.2 | 17.00 | NOTE | |||
r-oldrel-macos-x86_64 | 0.1.2 | 25.00 | NOTE | |||
r-oldrel-windows-x86_64 | 0.1.2 | 3.00 | 50.00 | 53.00 | NOTE |
Version: 0.1.2
Check: LazyData
Result: NOTE
'LazyData' is specified without a 'data' directory
Flavors: r-oldrel-macos-arm64, r-oldrel-macos-x86_64, r-oldrel-windows-x86_64