Last updated on 2025-04-30 04:50:17 CEST.
Flavor | Version | Tinstall | Tcheck | Ttotal | Status | Flags |
---|---|---|---|---|---|---|
r-devel-linux-x86_64-debian-clang | 1.3.5 | 34.24 | 159.12 | 193.36 | NOTE | |
r-devel-linux-x86_64-debian-gcc | 1.3.5 | 25.85 | 109.41 | 135.26 | OK | |
r-devel-linux-x86_64-fedora-clang | 1.3.5 | 304.78 | OK | |||
r-devel-linux-x86_64-fedora-gcc | 1.3.5 | 297.29 | OK | |||
r-devel-windows-x86_64 | 1.3.5 | 35.00 | 168.00 | 203.00 | OK | |
r-patched-linux-x86_64 | 1.3.5 | 35.02 | 151.72 | 186.74 | OK | |
r-release-linux-x86_64 | 1.3.5 | 33.95 | 152.02 | 185.97 | OK | |
r-release-macos-arm64 | 1.3.5 | 105.00 | OK | |||
r-release-macos-x86_64 | 1.3.5 | 193.00 | OK | |||
r-release-windows-x86_64 | 1.3.5 | 34.00 | 166.00 | 200.00 | OK | |
r-oldrel-macos-arm64 | 1.3.5 | 80.00 | OK | |||
r-oldrel-macos-x86_64 | 1.3.5 | 162.00 | OK | |||
r-oldrel-windows-x86_64 | 1.3.5 | 45.00 | 206.00 | 251.00 | OK |
Version: 1.3.5
Check: examples
Result: NOTE
Examples with CPU (user + system) or elapsed time > 5s
user system elapsed
CniperPointPlotWrapper 3.194 0.266 5.167
Flavor: r-devel-linux-x86_64-debian-clang