CRAN Package Check Results for Package ROptSpace

Last updated on 2025-07-05 04:50:25 CEST.

Flavor Version Tinstall Tcheck Ttotal Status Flags
r-devel-linux-x86_64-debian-clang 0.2.3 15.34 27.62 42.96 NOTE
r-devel-linux-x86_64-debian-gcc 0.2.3 11.35 22.07 33.42 NOTE
r-devel-linux-x86_64-fedora-clang 0.2.3 78.08 NOTE
r-devel-linux-x86_64-fedora-gcc 0.2.3 67.61 NOTE
r-devel-windows-x86_64 0.2.3 21.00 66.00 87.00 NOTE
r-patched-linux-x86_64 0.2.3 15.66 26.40 42.06 NOTE
r-release-linux-x86_64 0.2.3 16.39 26.49 42.88 NOTE
r-release-macos-arm64 0.2.3 29.00 NOTE
r-release-macos-x86_64 0.2.3 41.00 NOTE
r-release-windows-x86_64 0.2.3 22.00 68.00 90.00 NOTE
r-oldrel-macos-arm64 0.2.3 25.00 NOTE
r-oldrel-macos-x86_64 0.2.3 62.00 NOTE
r-oldrel-windows-x86_64 0.2.3 27.00 84.00 111.00 NOTE

Check Details

Version: 0.2.3
Check: C++ specification
Result: NOTE Specified C++11: please drop specification unless essential Flavors: r-devel-linux-x86_64-debian-clang, r-devel-linux-x86_64-debian-gcc, r-devel-linux-x86_64-fedora-clang, r-devel-linux-x86_64-fedora-gcc, r-devel-windows-x86_64, r-patched-linux-x86_64, r-release-linux-x86_64, r-release-macos-arm64, r-release-macos-x86_64, r-release-windows-x86_64, r-oldrel-macos-arm64, r-oldrel-macos-x86_64, r-oldrel-windows-x86_64