Last updated on 2025-04-30 04:50:17 CEST.
Flavor | Version | Tinstall | Tcheck | Ttotal | Status | Flags |
---|---|---|---|---|---|---|
r-devel-linux-x86_64-debian-clang | 1.1.3 | 34.59 | 31.66 | 66.25 | OK | |
r-devel-linux-x86_64-debian-gcc | 1.1.3 | 25.51 | 26.54 | 52.05 | OK | |
r-devel-linux-x86_64-fedora-clang | 1.1.3 | 123.60 | OK | |||
r-devel-linux-x86_64-fedora-gcc | 1.1.3 | 128.56 | OK | |||
r-devel-windows-x86_64 | 1.1.3 | 48.00 | 68.00 | 116.00 | OK | |
r-patched-linux-x86_64 | 1.1.3 | 35.69 | 31.73 | 67.42 | OK | |
r-release-linux-x86_64 | 1.1.3 | 34.53 | 31.48 | 66.01 | OK | |
r-release-macos-arm64 | 1.1.3 | 58.00 | OK | |||
r-release-macos-x86_64 | 1.1.3 | 74.00 | OK | |||
r-release-windows-x86_64 | 1.1.3 | 50.00 | 69.00 | 119.00 | OK | |
r-oldrel-macos-arm64 | 1.1.3 | 48.00 | NOTE | |||
r-oldrel-macos-x86_64 | 1.1.3 | 75.00 | NOTE | |||
r-oldrel-windows-x86_64 | 1.1.3 | 53.00 | 79.00 | 132.00 | OK |
Version: 1.1.3
Check: installed package size
Result: NOTE
installed size is 8.0Mb
sub-directories of 1Mb or more:
libs 7.6Mb
Flavors: r-oldrel-macos-arm64, r-oldrel-macos-x86_64