Last updated on 2025-04-30 04:50:18 CEST.
Flavor | Version | Tinstall | Tcheck | Ttotal | Status | Flags |
---|---|---|---|---|---|---|
r-devel-linux-x86_64-debian-clang | 0.8.0 | 28.11 | 285.93 | 314.04 | NOTE | |
r-devel-linux-x86_64-debian-gcc | 0.8.0 | 16.46 | 209.72 | 226.18 | OK | |
r-devel-linux-x86_64-fedora-clang | 0.8.0 | 471.21 | OK | |||
r-devel-linux-x86_64-fedora-gcc | 0.8.0 | 474.56 | OK | |||
r-devel-windows-x86_64 | 0.8.0 | 25.00 | 253.00 | 278.00 | OK | |
r-patched-linux-x86_64 | 0.8.0 | 23.74 | 275.30 | 299.04 | OK | |
r-release-linux-x86_64 | 0.8.0 | 23.65 | 275.10 | 298.75 | OK | |
r-release-macos-arm64 | 0.8.0 | 133.00 | OK | |||
r-release-macos-x86_64 | 0.8.0 | 254.00 | OK | |||
r-release-windows-x86_64 | 0.8.0 | 25.00 | 262.00 | 287.00 | OK | |
r-oldrel-macos-arm64 | 0.8.0 | 130.00 | OK | |||
r-oldrel-macos-x86_64 | 0.8.0 | 351.00 | OK | |||
r-oldrel-windows-x86_64 | 0.8.0 | 34.00 | 334.00 | 368.00 | OK |
Version: 0.8.0
Check: examples
Result: NOTE
Examples with CPU (user + system) or elapsed time > 5s
user system elapsed
m03-disentangle 3.933 0.544 5.833
Flavor: r-devel-linux-x86_64-debian-clang