Last updated on 2025-02-22 05:51:49 CET.
Flavor | Version | Tinstall | Tcheck | Ttotal | Status | Flags |
---|---|---|---|---|---|---|
r-devel-linux-x86_64-debian-clang | 0.4.23 | 152.57 | 56.61 | 209.18 | OK | |
r-devel-linux-x86_64-debian-gcc | 0.4.23 | 126.40 | 42.10 | 168.50 | OK | |
r-devel-linux-x86_64-fedora-clang | 0.4.23 | 498.98 | OK | |||
r-devel-linux-x86_64-fedora-gcc | 0.4.23 | 455.90 | OK | |||
r-devel-macos-arm64 | 0.4.23 | 88.00 | OK | |||
r-devel-macos-x86_64 | 0.4.23 | 133.00 | OK | |||
r-devel-windows-x86_64 | 0.4.23 | 282.00 | 188.00 | 470.00 | OK | |
r-patched-linux-x86_64 | 0.4.23 | 159.87 | 53.04 | 212.91 | OK | |
r-release-linux-x86_64 | 0.4.23 | 156.86 | 53.10 | 209.96 | OK | |
r-release-macos-arm64 | 0.4.23 | 90.00 | NOTE | |||
r-release-macos-x86_64 | 0.4.23 | 180.00 | NOTE | |||
r-release-windows-x86_64 | 0.4.23 | 292.00 | 184.00 | 476.00 | NOTE | |
r-oldrel-macos-arm64 | 0.4.23 | 109.00 | NOTE | |||
r-oldrel-macos-x86_64 | 0.4.23 | 146.00 | NOTE | |||
r-oldrel-windows-x86_64 | 0.4.23 | 276.00 | 201.00 | 477.00 | NOTE |
Version: 0.4.23
Check: installed package size
Result: NOTE
installed size is 33.6Mb
sub-directories of 1Mb or more:
libs 32.2Mb
Flavors: r-release-macos-arm64, r-release-macos-x86_64, r-release-windows-x86_64, r-oldrel-macos-arm64, r-oldrel-macos-x86_64, r-oldrel-windows-x86_64