CRAN Package Check Results for Package RPyGeo

Last updated on 2025-04-30 04:50:18 CEST.

Flavor Version Tinstall Tcheck Ttotal Status Flags
r-devel-linux-x86_64-debian-clang 1.0.0 2.17 35.63 37.80 OK
r-devel-linux-x86_64-debian-gcc 1.0.0 1.66 27.14 28.80 OK
r-devel-linux-x86_64-fedora-clang 1.0.0 65.31 OK
r-devel-linux-x86_64-fedora-gcc 1.0.0 73.28 OK
r-devel-windows-x86_64 1.0.0 4.00 55.00 59.00 OK
r-patched-linux-x86_64 1.0.0 2.29 34.01 36.30 OK
r-release-linux-x86_64 1.0.0 2.04 34.42 36.46 OK
r-release-macos-arm64 1.0.0 38.00 OK
r-release-macos-x86_64 1.0.0 76.00 OK
r-release-windows-x86_64 1.0.0 4.00 59.00 63.00 OK
r-oldrel-macos-arm64 1.0.0 25.00 NOTE
r-oldrel-macos-x86_64 1.0.0 39.00 NOTE
r-oldrel-windows-x86_64 1.0.0 4.00 64.00 68.00 NOTE

Check Details

Version: 1.0.0
Check: LazyData
Result: NOTE 'LazyData' is specified without a 'data' directory Flavors: r-oldrel-macos-arm64, r-oldrel-macos-x86_64, r-oldrel-windows-x86_64