CRAN Package Check Results for Package RRF

Last updated on 2025-04-30 04:50:18 CEST.

Flavor Version Tinstall Tcheck Ttotal Status Flags
r-devel-linux-x86_64-debian-clang 1.9.4.1 7.14 31.36 38.50 NOTE
r-devel-linux-x86_64-debian-gcc 1.9.4.1 5.53 23.32 28.85 NOTE
r-devel-linux-x86_64-fedora-clang 1.9.4.1 58.67 OK
r-devel-linux-x86_64-fedora-gcc 1.9.4.1 56.85 OK
r-devel-windows-x86_64 1.9.4.1 12.00 62.00 74.00 OK
r-patched-linux-x86_64 1.9.4.1 7.31 29.18 36.49 OK
r-release-linux-x86_64 1.9.4.1 7.07 29.22 36.29 OK
r-release-macos-arm64 1.9.4.1 22.00 OK
r-release-macos-x86_64 1.9.4.1 51.00 OK
r-release-windows-x86_64 1.9.4.1 13.00 57.00 70.00 OK
r-oldrel-macos-arm64 1.9.4.1 26.00 OK
r-oldrel-macos-x86_64 1.9.4.1 44.00 OK
r-oldrel-windows-x86_64 1.9.4.1 13.00 60.00 73.00 OK

Check Details

Version: 1.9.4.1
Check: CRAN incoming feasibility
Result: NOTE Maintainer: ‘Houtao Deng <softwaredeng@gmail.com>’ Package CITATION file contains call(s) to old-style personList() or as.personList(). Please use c() on person objects instead. Package CITATION file contains call(s) to old-style citEntry(). Please use bibentry() instead. Flavors: r-devel-linux-x86_64-debian-clang, r-devel-linux-x86_64-debian-gcc