Last updated on 2025-04-30 04:50:18 CEST.
Flavor | Version | Tinstall | Tcheck | Ttotal | Status | Flags |
---|---|---|---|---|---|---|
r-devel-linux-x86_64-debian-clang | 0.4.0 | 2.44 | 28.21 | 30.65 | NOTE | |
r-devel-linux-x86_64-debian-gcc | 0.4.0 | 1.74 | 20.66 | 22.40 | OK | |
r-devel-linux-x86_64-fedora-clang | 0.4.0 | 48.98 | OK | |||
r-devel-linux-x86_64-fedora-gcc | 0.4.0 | 47.31 | OK | |||
r-devel-windows-x86_64 | 0.4.0 | 3.00 | 47.00 | 50.00 | OK | |
r-patched-linux-x86_64 | 0.4.0 | 2.64 | 26.42 | 29.06 | OK | |
r-release-linux-x86_64 | 0.4.0 | 2.28 | 26.83 | 29.11 | OK | |
r-release-macos-arm64 | 0.4.0 | 19.00 | OK | |||
r-release-macos-x86_64 | 0.4.0 | 46.00 | OK | |||
r-release-windows-x86_64 | 0.4.0 | 4.00 | 50.00 | 54.00 | OK | |
r-oldrel-macos-arm64 | 0.4.0 | 18.00 | OK | |||
r-oldrel-macos-x86_64 | 0.4.0 | 30.00 | OK | |||
r-oldrel-windows-x86_64 | 0.4.0 | 3.00 | 51.00 | 54.00 | OK |
Version: 0.4.0
Check: examples
Result: NOTE
Examples with CPU (user + system) or elapsed time > 5s
user system elapsed
sdfun 5.71 0.011 7.019
Flavor: r-devel-linux-x86_64-debian-clang