Last updated on 2025-02-21 03:52:25 CET.
Flavor | Version | Tinstall | Tcheck | Ttotal | Status | Flags |
---|---|---|---|---|---|---|
r-devel-linux-x86_64-debian-clang | 0.7.5 | 11.98 | 93.57 | 105.55 | NOTE | |
r-devel-linux-x86_64-debian-gcc | 0.7.5 | 8.80 | 67.67 | 76.47 | NOTE | |
r-devel-linux-x86_64-fedora-clang | 0.7.5 | 188.48 | OK | |||
r-devel-linux-x86_64-fedora-gcc | 0.7.5 | 183.59 | OK | |||
r-devel-macos-arm64 | 0.7.5 | 52.00 | OK | |||
r-devel-macos-x86_64 | 0.7.5 | 106.00 | OK | |||
r-devel-windows-x86_64 | 0.7.5 | 12.00 | 101.00 | 113.00 | NOTE | |
r-patched-linux-x86_64 | 0.7.5 | 14.58 | 87.44 | 102.02 | OK | |
r-release-linux-x86_64 | 0.7.5 | 11.29 | 87.73 | 99.02 | OK | |
r-release-macos-arm64 | 0.7.5 | 53.00 | OK | |||
r-release-macos-x86_64 | 0.7.5 | 78.00 | OK | |||
r-release-windows-x86_64 | 0.7.5 | 13.00 | 100.00 | 113.00 | OK | |
r-oldrel-macos-arm64 | 0.7.5 | 57.00 | OK | |||
r-oldrel-macos-x86_64 | 0.7.5 | 89.00 | OK | |||
r-oldrel-windows-x86_64 | 0.7.5 | 16.00 | 118.00 | 134.00 | OK |
Version: 0.7.5
Check: Rd cross-references
Result: NOTE
Found the following Rd file(s) with Rd \link{} targets missing package
anchors:
RRmixed.Rd: lme4, glmer
Please provide package anchors for all Rd \link{} targets not in the
package itself and the base packages.
Flavors: r-devel-linux-x86_64-debian-clang, r-devel-linux-x86_64-debian-gcc, r-devel-windows-x86_64