Last updated on 2025-04-30 04:50:18 CEST.
Flavor | Version | Tinstall | Tcheck | Ttotal | Status | Flags |
---|---|---|---|---|---|---|
r-devel-linux-x86_64-debian-clang | 0.10.6 | 12.70 | 86.99 | 99.69 | NOTE | |
r-devel-linux-x86_64-debian-gcc | 0.10.6 | 9.16 | 61.59 | 70.75 | NOTE | |
r-devel-linux-x86_64-fedora-clang | 0.10.6 | 153.06 | OK | |||
r-devel-linux-x86_64-fedora-gcc | 0.10.6 | 146.50 | OK | |||
r-devel-windows-x86_64 | 0.10.6 | 12.00 | 89.00 | 101.00 | NOTE | |
r-patched-linux-x86_64 | 0.10.6 | 12.53 | 81.52 | 94.05 | NOTE | |
r-release-linux-x86_64 | 0.10.6 | 12.45 | 80.33 | 92.78 | NOTE | |
r-release-macos-arm64 | 0.10.6 | 53.00 | OK | |||
r-release-macos-x86_64 | 0.10.6 | 87.00 | OK | |||
r-release-windows-x86_64 | 0.10.6 | 12.00 | 89.00 | 101.00 | NOTE | |
r-oldrel-macos-arm64 | 0.10.6 | 54.00 | OK | |||
r-oldrel-macos-x86_64 | 0.10.6 | 73.00 | OK | |||
r-oldrel-windows-x86_64 | 0.10.6 | 15.00 | 109.00 | 124.00 | OK |
Version: 0.10.6
Check: CRAN incoming feasibility
Result: NOTE
Maintainer: ‘Felix Schönbrodt <felix@nicebread.de>’
Package CITATION file contains call(s) to old-style personList() or
as.personList(). Please use c() on person objects instead.
Package CITATION file contains call(s) to old-style citEntry(). Please
use bibentry() instead.
Flavors: r-devel-linux-x86_64-debian-clang, r-devel-linux-x86_64-debian-gcc
Version: 0.10.6
Check: Rd cross-references
Result: NOTE
Found the following Rd file(s) with Rd \link{} targets missing package
anchors:
RSA.Rd: sem
Please provide package anchors for all Rd \link{} targets not in the
package itself and the base packages.
Flavors: r-devel-linux-x86_64-debian-clang, r-devel-linux-x86_64-debian-gcc, r-devel-windows-x86_64, r-patched-linux-x86_64, r-release-linux-x86_64, r-release-windows-x86_64