CRAN Package Check Results for Package RSC

Last updated on 2025-04-30 04:50:18 CEST.

Flavor Version Tinstall Tcheck Ttotal Status Flags
r-devel-linux-x86_64-debian-clang 2.0.4 6.37 55.37 61.74 NOTE
r-devel-linux-x86_64-debian-gcc 2.0.4 5.64 42.38 48.02 NOTE
r-devel-linux-x86_64-fedora-clang 2.0.4 96.14 OK
r-devel-linux-x86_64-fedora-gcc 2.0.4 93.14 OK
r-devel-windows-x86_64 2.0.4 11.00 81.00 92.00 NOTE
r-patched-linux-x86_64 2.0.4 7.14 53.27 60.41 NOTE
r-release-linux-x86_64 2.0.4 6.91 53.17 60.08 NOTE
r-release-macos-arm64 2.0.4 33.00 OK
r-release-macos-x86_64 2.0.4 59.00 OK
r-release-windows-x86_64 2.0.4 10.00 78.00 88.00 NOTE
r-oldrel-macos-arm64 2.0.4 31.00 OK
r-oldrel-macos-x86_64 2.0.4 62.00 OK
r-oldrel-windows-x86_64 2.0.4 12.00 87.00 99.00 OK

Check Details

Version: 2.0.4
Check: Rd cross-references
Result: NOTE Found the following Rd file(s) with Rd \link{} targets missing package anchors: rmad.Rd: Matrix rsc.Rd: Matrix Please provide package anchors for all Rd \link{} targets not in the package itself and the base packages. Flavors: r-devel-linux-x86_64-debian-clang, r-devel-linux-x86_64-debian-gcc, r-devel-windows-x86_64, r-patched-linux-x86_64, r-release-linux-x86_64, r-release-windows-x86_64