Last updated on 2025-04-30 04:50:18 CEST.
Flavor | Version | Tinstall | Tcheck | Ttotal | Status | Flags |
---|---|---|---|---|---|---|
r-devel-linux-x86_64-debian-clang | 2.4.2 | 3.88 | 35.30 | 39.18 | NOTE | |
r-devel-linux-x86_64-debian-gcc | 2.4.2 | 3.93 | 26.59 | 30.52 | NOTE | |
r-devel-linux-x86_64-fedora-clang | 2.4.2 | 61.70 | NOTE | |||
r-devel-linux-x86_64-fedora-gcc | 2.4.2 | 60.58 | NOTE | |||
r-devel-windows-x86_64 | 2.4.2 | 8.00 | 61.00 | 69.00 | OK | |
r-patched-linux-x86_64 | 2.4.2 | 4.00 | 33.91 | 37.91 | OK | |
r-release-linux-x86_64 | 2.4.2 | 5.26 | 33.71 | 38.97 | OK | |
r-release-macos-arm64 | 2.4.2 | 25.00 | OK | |||
r-release-macos-x86_64 | 2.4.2 | 63.00 | OK | |||
r-release-windows-x86_64 | 2.4.2 | 7.00 | 60.00 | 67.00 | OK | |
r-oldrel-macos-arm64 | 2.4.2 | 23.00 | OK | |||
r-oldrel-macos-x86_64 | 2.4.2 | 33.00 | OK | |||
r-oldrel-windows-x86_64 | 2.4.2 | 9.00 | 63.00 | 72.00 | OK |
Version: 2.4.2
Check: CRAN incoming feasibility
Result: NOTE
Maintainer: ‘Yumi Kondo <y.kondo@stat.ubc.ca>’
No Authors@R field in DESCRIPTION.
Please add one, modifying
Authors@R: person(given = "Yumi",
family = "Kondo",
role = c("aut", "cre"),
email = "y.kondo@stat.ubc.ca")
as necessary.
Flavors: r-devel-linux-x86_64-debian-clang, r-devel-linux-x86_64-debian-gcc
Version: 2.4.2
Check: compiled code
Result: NOTE
File ‘RSKC/libs/RSKC.so’:
Found no calls to: ‘R_registerRoutines’, ‘R_useDynamicSymbols’
It is good practice to register native routines and to disable symbol
search.
See ‘Writing portable packages’ in the ‘Writing R Extensions’ manual.
Flavors: r-devel-linux-x86_64-fedora-clang, r-devel-linux-x86_64-fedora-gcc