Last updated on 2025-04-30 04:50:18 CEST.
Flavor | Version | Tinstall | Tcheck | Ttotal | Status | Flags |
---|---|---|---|---|---|---|
r-devel-linux-x86_64-debian-clang | 1.4.7 | 272.11 | 233.06 | 505.17 | NOTE | |
r-devel-linux-x86_64-debian-gcc | 1.4.7 | 199.03 | 155.81 | 354.84 | NOTE | |
r-devel-linux-x86_64-fedora-clang | 1.4.7 | 1417.35 | OK | |||
r-devel-linux-x86_64-fedora-gcc | 1.4.7 | 869.53 | OK | |||
r-devel-windows-x86_64 | 1.4.7 | 417.00 | 259.00 | 676.00 | NOTE | |
r-patched-linux-x86_64 | 1.4.7 | 270.17 | 224.51 | 494.68 | NOTE | |
r-release-linux-x86_64 | 1.4.7 | 271.09 | 227.70 | 498.79 | NOTE | |
r-release-macos-arm64 | 1.4.7 | 228.00 | OK | |||
r-release-macos-x86_64 | 1.4.7 | 322.00 | OK | |||
r-release-windows-x86_64 | 1.4.7 | 427.00 | 265.00 | 692.00 | NOTE | |
r-oldrel-macos-arm64 | 1.4.7 | 194.00 | NOTE | |||
r-oldrel-macos-x86_64 | 1.4.7 | 246.00 | NOTE | |||
r-oldrel-windows-x86_64 | 1.4.7 | 454.00 | 327.00 | 781.00 | OK |
Version: 1.4.7
Check: Rd cross-references
Result: NOTE
Found the following Rd file(s) with Rd \link{} targets missing package
anchors:
iwlsm.Rd: lqs
plot.sienaTimeTest.Rd: xyplot
sienaDependent.Rd: Matrix
Please provide package anchors for all Rd \link{} targets not in the
package itself and the base packages.
Flavors: r-devel-linux-x86_64-debian-clang, r-devel-linux-x86_64-debian-gcc, r-devel-windows-x86_64, r-patched-linux-x86_64, r-release-linux-x86_64, r-release-windows-x86_64
Version: 1.4.7
Check: examples
Result: NOTE
Examples with CPU (user + system) or elapsed time > 5s
user system elapsed
sienaGOF-auxiliary 8.256 0.074 9.351
sienaTimeTest 8.042 0.011 9.626
siena07 7.176 0.215 8.935
sienaGOF 5.461 0.021 6.653
Flavor: r-devel-linux-x86_64-debian-clang
Version: 1.4.7
Check: examples
Result: NOTE
Examples with CPU (user + system) or elapsed time > 5s
user system elapsed
sienaGOF-auxiliary 6.283 0.050 8.160
siena07 5.225 0.011 6.304
sienaTimeTest 5.160 0.015 6.339
sienaGOF 4.952 0.004 5.832
Flavor: r-devel-linux-x86_64-debian-gcc
Version: 1.4.7
Check: installed package size
Result: NOTE
installed size is 26.4Mb
sub-directories of 1Mb or more:
R 1.1Mb
libs 24.9Mb
Flavors: r-oldrel-macos-arm64, r-oldrel-macos-x86_64