Last updated on 2025-02-21 03:52:25 CET.
Flavor | Version | Tinstall | Tcheck | Ttotal | Status | Flags |
---|---|---|---|---|---|---|
r-devel-linux-x86_64-debian-clang | 0.16-2 | 149.85 | 61.81 | 211.66 | OK | |
r-devel-linux-x86_64-debian-gcc | 0.16-2 | 138.72 | 56.28 | 195.00 | OK | |
r-devel-linux-x86_64-fedora-clang | 0.16-2 | 362.63 | OK | |||
r-devel-linux-x86_64-fedora-gcc | 0.16-2 | 462.98 | OK | |||
r-devel-macos-arm64 | 0.16-2 | 94.00 | OK | |||
r-devel-macos-x86_64 | 0.16-2 | 139.00 | OK | |||
r-devel-windows-x86_64 | 0.16-2 | 139.00 | 99.00 | 238.00 | OK | |
r-patched-linux-x86_64 | 0.16-2 | 174.08 | 70.36 | 244.44 | OK | |
r-release-linux-x86_64 | 0.16-2 | 172.05 | 70.34 | 242.39 | OK | |
r-release-macos-arm64 | 0.16-2 | 104.00 | NOTE | |||
r-release-macos-x86_64 | 0.16-2 | 213.00 | NOTE | |||
r-release-windows-x86_64 | 0.16-2 | 146.00 | 103.00 | 249.00 | OK | |
r-oldrel-macos-arm64 | 0.16-2 | 122.00 | NOTE | |||
r-oldrel-macos-x86_64 | 0.16-2 | 210.00 | NOTE | |||
r-oldrel-windows-x86_64 | 0.16-2 | 179.00 | 117.00 | 296.00 | OK |
Version: 0.16-2
Check: installed package size
Result: NOTE
installed size is 46.6Mb
sub-directories of 1Mb or more:
libs 46.0Mb
Flavors: r-release-macos-arm64, r-release-macos-x86_64, r-oldrel-macos-arm64, r-oldrel-macos-x86_64