Last updated on 2025-04-30 04:50:18 CEST.
Flavor | Version | Tinstall | Tcheck | Ttotal | Status | Flags |
---|---|---|---|---|---|---|
r-devel-linux-x86_64-debian-clang | 0.2.6 | 40.75 | 181.07 | 221.82 | OK | |
r-devel-linux-x86_64-debian-gcc | 0.2.6 | 24.48 | 126.34 | 150.82 | OK | |
r-devel-linux-x86_64-fedora-clang | 0.2.6 | 336.53 | OK | |||
r-devel-linux-x86_64-fedora-gcc | 0.2.6 | 345.47 | OK | |||
r-devel-windows-x86_64 | 0.2.6 | 29.00 | 157.00 | 186.00 | OK | |
r-patched-linux-x86_64 | 0.2.6 | 35.20 | 169.23 | 204.43 | OK | |
r-release-linux-x86_64 | 0.2.6 | 37.07 | 166.93 | 204.00 | OK | |
r-release-macos-arm64 | 0.2.6 | 72.00 | OK | |||
r-release-macos-x86_64 | 0.2.6 | 205.00 | OK | |||
r-release-windows-x86_64 | 0.2.6 | 30.00 | 164.00 | 194.00 | OK | |
r-oldrel-macos-arm64 | 0.2.6 | 83.00 | NOTE | |||
r-oldrel-macos-x86_64 | 0.2.6 | 184.00 | NOTE | |||
r-oldrel-windows-x86_64 | 0.2.6 | 39.00 | 208.00 | 247.00 | NOTE |
Version: 0.2.6
Check: package dependencies
Result: NOTE
Package suggested but not available for checking: ‘cmdstanr’
Flavors: r-oldrel-macos-arm64, r-oldrel-macos-x86_64, r-oldrel-windows-x86_64