Last updated on 2025-11-03 03:49:55 CET.
| Flavor | Version | Tinstall | Tcheck | Ttotal | Status | Flags |
|---|---|---|---|---|---|---|
| r-devel-linux-x86_64-debian-clang | 1.0.2.2 | 108.04 | 528.72 | 636.76 | NOTE | |
| r-devel-linux-x86_64-debian-gcc | 1.0.2.2 | 72.43 | 333.05 | 405.48 | NOTE | |
| r-devel-linux-x86_64-fedora-clang | 1.0.2.2 | 239.00 | 814.82 | 1053.82 | NOTE | |
| r-devel-linux-x86_64-fedora-gcc | 1.0.2.2 | 445.00 | 614.50 | 1059.50 | NOTE | |
| r-devel-windows-x86_64 | 1.0.2.2 | 122.00 | 468.00 | 590.00 | OK | |
| r-patched-linux-x86_64 | 1.0.2.2 | 107.95 | 499.41 | 607.36 | OK | |
| r-release-linux-x86_64 | 1.0.2.2 | 107.76 | 492.35 | 600.11 | OK | |
| r-release-macos-arm64 | 1.0.2.2 | 42.00 | 186.00 | 228.00 | OK | |
| r-release-macos-x86_64 | 1.0.2.2 | 82.00 | 298.00 | 380.00 | OK | |
| r-release-windows-x86_64 | 1.0.2.2 | 124.00 | 453.00 | 577.00 | OK | |
| r-oldrel-macos-arm64 | 1.0.2.2 | 41.00 | 188.00 | 229.00 | NOTE | |
| r-oldrel-macos-x86_64 | 1.0.2.2 | 80.00 | 409.00 | 489.00 | NOTE | |
| r-oldrel-windows-x86_64 | 1.0.2.2 | 159.00 | 612.00 | 771.00 | OK |
Version: 1.0.2.2
Check: Rd files
Result: NOTE
checkRd: (-1) spectralIndices.Rd:107: Only 7 columns allowed in this table (row 1 has 6)
checkRd: (-1) spectralIndices.Rd:107: Only 7 columns allowed in this table (row 2 has 6)
checkRd: (-1) spectralIndices.Rd:107: Only 7 columns allowed in this table (row 3 has 6)
checkRd: (-1) spectralIndices.Rd:107: Only 7 columns allowed in this table (row 4 has 6)
checkRd: (-1) spectralIndices.Rd:107: Only 7 columns allowed in this table (row 5 has 6)
checkRd: (-1) spectralIndices.Rd:107: Only 7 columns allowed in this table (row 6 has 6)
checkRd: (-1) spectralIndices.Rd:107: Only 7 columns allowed in this table (row 7 has 6)
checkRd: (-1) spectralIndices.Rd:107: Only 7 columns allowed in this table (row 8 has 6)
checkRd: (-1) spectralIndices.Rd:107: Only 7 columns allowed in this table (row 9 has 6)
checkRd: (-1) spectralIndices.Rd:107: Only 7 columns allowed in this table (row 10 has 6)
checkRd: (-1) spectralIndices.Rd:107: Only 7 columns allowed in this table (row 11 has 6)
checkRd: (-1) spectralIndices.Rd:107: Only 7 columns allowed in this table (row 12 has 6)
checkRd: (-1) spectralIndices.Rd:107: Only 7 columns allowed in this table (row 13 has 6)
Flavors: r-devel-linux-x86_64-debian-clang, r-devel-linux-x86_64-debian-gcc, r-devel-linux-x86_64-fedora-clang, r-devel-linux-x86_64-fedora-gcc
Version: 1.0.2.2
Check: installed package size
Result: NOTE
installed size is 6.5Mb
sub-directories of 1Mb or more:
external 1.6Mb
libs 4.3Mb
Flavors: r-oldrel-macos-arm64, r-oldrel-macos-x86_64