Last updated on 2025-04-30 04:50:18 CEST.
Flavor | Version | Tinstall | Tcheck | Ttotal | Status | Flags |
---|---|---|---|---|---|---|
r-devel-linux-x86_64-debian-clang | 0.4.1 | 4.86 | 42.57 | 47.43 | OK | |
r-devel-linux-x86_64-debian-gcc | 0.4.1 | 3.47 | 30.53 | 34.00 | OK | |
r-devel-linux-x86_64-fedora-clang | 0.4.1 | 70.50 | OK | |||
r-devel-linux-x86_64-fedora-gcc | 0.4.1 | 86.94 | OK | |||
r-devel-windows-x86_64 | 0.4.1 | 6.00 | 62.00 | 68.00 | OK | |
r-patched-linux-x86_64 | 0.4.1 | 4.88 | 38.42 | 43.30 | OK | |
r-release-linux-x86_64 | 0.4.1 | 4.24 | 38.02 | 42.26 | OK | |
r-release-macos-arm64 | 0.4.1 | 36.00 | OK | |||
r-release-macos-x86_64 | 0.4.1 | 71.00 | OK | |||
r-release-windows-x86_64 | 0.4.1 | 7.00 | 60.00 | 67.00 | OK | |
r-oldrel-macos-arm64 | 0.4.1 | 34.00 | NOTE | |||
r-oldrel-macos-x86_64 | 0.4.1 | 61.00 | NOTE | |||
r-oldrel-windows-x86_64 | 0.4.1 | 9.00 | 71.00 | 80.00 | NOTE |
Version: 0.4.1
Check: LazyData
Result: NOTE
'LazyData' is specified without a 'data' directory
Flavors: r-oldrel-macos-arm64, r-oldrel-macos-x86_64, r-oldrel-windows-x86_64