CRAN Package Check Results for Package RTD

Last updated on 2025-02-21 03:52:25 CET.

Flavor Version Tinstall Tcheck Ttotal Status Flags
r-devel-linux-x86_64-debian-clang 0.4.1 5.80 40.23 46.03 OK
r-devel-linux-x86_64-debian-gcc 0.4.1 3.30 29.35 32.65 OK
r-devel-linux-x86_64-fedora-clang 0.4.1 76.25 OK
r-devel-linux-x86_64-fedora-gcc 0.4.1 87.49 OK
r-devel-macos-arm64 0.4.1 35.00 OK
r-devel-macos-x86_64 0.4.1 71.00 OK
r-devel-windows-x86_64 0.4.1 7.00 61.00 68.00 OK
r-patched-linux-x86_64 0.4.1 4.13 37.41 41.54 NOTE
r-release-linux-x86_64 0.4.1 3.40 37.50 40.90 NOTE
r-release-macos-arm64 0.4.1 34.00 NOTE
r-release-macos-x86_64 0.4.1 61.00 NOTE
r-release-windows-x86_64 0.4.1 8.00 60.00 68.00 NOTE
r-oldrel-macos-arm64 0.4.1 36.00 NOTE
r-oldrel-macos-x86_64 0.4.1 48.00 NOTE
r-oldrel-windows-x86_64 0.4.1 8.00 73.00 81.00 NOTE

Check Details

Version: 0.4.1
Check: LazyData
Result: NOTE 'LazyData' is specified without a 'data' directory Flavors: r-patched-linux-x86_64, r-release-linux-x86_64, r-release-macos-arm64, r-release-macos-x86_64, r-release-windows-x86_64, r-oldrel-macos-arm64, r-oldrel-macos-x86_64, r-oldrel-windows-x86_64