CRAN Package Check Results for Package RTLknitr

Last updated on 2025-04-30 04:50:18 CEST.

Flavor Version Tinstall Tcheck Ttotal Status Flags
r-devel-linux-x86_64-debian-clang 1.0.0 4.90 35.83 40.73 NOTE
r-devel-linux-x86_64-debian-gcc 1.0.0 3.54 26.70 30.24 NOTE
r-devel-linux-x86_64-fedora-clang 1.0.0 66.58 OK
r-devel-linux-x86_64-fedora-gcc 1.0.0 58.99 OK
r-devel-windows-x86_64 1.0.0 6.00 52.00 58.00 NOTE
r-patched-linux-x86_64 1.0.0 4.59 33.22 37.81 NOTE
r-release-linux-x86_64 1.0.0 4.86 33.34 38.20 NOTE
r-release-macos-arm64 1.0.0 23.00 OK
r-release-macos-x86_64 1.0.0 43.00 OK
r-release-windows-x86_64 1.0.0 6.00 56.00 62.00 NOTE
r-oldrel-macos-arm64 1.0.0 23.00 OK
r-oldrel-macos-x86_64 1.0.0 37.00 OK
r-oldrel-windows-x86_64 1.0.0 8.00 59.00 67.00 OK

Check Details

Version: 1.0.0
Check: Rd cross-references
Result: NOTE Found the following Rd file(s) with Rd \link{} targets missing package anchors: markdown_rtl.Rd: knitr Please provide package anchors for all Rd \link{} targets not in the package itself and the base packages. Flavors: r-devel-linux-x86_64-debian-clang, r-devel-linux-x86_64-debian-gcc, r-devel-windows-x86_64, r-patched-linux-x86_64, r-release-linux-x86_64, r-release-windows-x86_64