Last updated on 2025-04-30 04:50:18 CEST.
Flavor | Version | Tinstall | Tcheck | Ttotal | Status | Flags |
---|---|---|---|---|---|---|
r-devel-linux-x86_64-debian-clang | 1.7 | 467.66 | 113.11 | 580.77 | OK | |
r-devel-linux-x86_64-debian-gcc | 1.7 | 416.14 | 79.49 | 495.63 | OK | |
r-devel-linux-x86_64-fedora-clang | 1.7 | 956.12 | OK | |||
r-devel-linux-x86_64-fedora-gcc | 1.7 | 1329.39 | OK | |||
r-devel-windows-x86_64 | 1.7 | 520.00 | 232.00 | 752.00 | OK | |
r-patched-linux-x86_64 | 1.7 | 581.01 | 107.63 | 688.64 | OK | |
r-release-linux-x86_64 | 1.7 | 579.91 | 107.12 | 687.03 | OK | |
r-release-macos-arm64 | 1.7 | 312.00 | OK | |||
r-release-macos-x86_64 | 1.7 | 312.00 | OK | |||
r-release-windows-x86_64 | 1.7 | 524.00 | 247.00 | 771.00 | OK | |
r-oldrel-macos-arm64 | 1.7 | 269.00 | NOTE | |||
r-oldrel-macos-x86_64 | 1.7 | 385.00 | NOTE | |||
r-oldrel-windows-x86_64 | 1.7 | 596.00 | 300.00 | 896.00 | NOTE |
Version: 1.7
Check: installed package size
Result: NOTE
installed size is 122.6Mb
sub-directories of 1Mb or more:
R 1.0Mb
libs 120.8Mb
Flavors: r-oldrel-macos-arm64, r-oldrel-macos-x86_64, r-oldrel-windows-x86_64