Last updated on 2025-04-30 04:50:18 CEST.
Flavor | Version | Tinstall | Tcheck | Ttotal | Status | Flags |
---|---|---|---|---|---|---|
r-devel-linux-x86_64-debian-clang | 1.4.3 | 12.85 | 109.13 | 121.98 | NOTE | |
r-devel-linux-x86_64-debian-gcc | 1.4.3 | 9.87 | 80.81 | 90.68 | NOTE | |
r-devel-linux-x86_64-fedora-clang | 1.4.3 | 177.64 | NOTE | |||
r-devel-linux-x86_64-fedora-gcc | 1.4.3 | 172.72 | NOTE | |||
r-devel-windows-x86_64 | 1.4.3 | 22.00 | 117.00 | 139.00 | OK | |
r-patched-linux-x86_64 | 1.4.3 | 11.96 | 102.85 | 114.81 | OK | |
r-release-linux-x86_64 | 1.4.3 | 12.89 | 100.62 | 113.51 | OK | |
r-release-macos-arm64 | 1.4.3 | 56.00 | OK | |||
r-release-macos-x86_64 | 1.4.3 | 99.00 | OK | |||
r-release-windows-x86_64 | 1.4.3 | 22.00 | 122.00 | 144.00 | OK | |
r-oldrel-macos-arm64 | 1.4.3 | 56.00 | OK | |||
r-oldrel-macos-x86_64 | 1.4.3 | 83.00 | OK | |||
r-oldrel-windows-x86_64 | 1.4.3 | 25.00 | 144.00 | 169.00 | OK |
Version: 1.4.3
Check: CRAN incoming feasibility
Result: NOTE
Maintainer: ‘Loren Collingwood <loren.collingwood@gmail.com>’
No Authors@R field in DESCRIPTION.
Please add one, modifying
Authors@R: c(person(given = c("Timothy", "P."),
family = "Jurka",
role = "aut"),
person(given = "Loren",
family = "Collingwood",
role = c("aut", "cre"),
email = "loren.collingwood@gmail.com"),
person(given = c("Amber", "E."),
family = "Boydstun",
role = "aut"),
person(given = "Emiliano",
family = "Grossman",
role = "aut"),
person(given = "Wouter",
family = "van Atteveldt",
role = "aut"))
as necessary.
Flavors: r-devel-linux-x86_64-debian-clang, r-devel-linux-x86_64-debian-gcc
Version: 1.4.3
Check: compiled code
Result: NOTE
File ‘RTextTools/libs/RTextTools.so’:
Found no calls to: ‘R_registerRoutines’, ‘R_useDynamicSymbols’
It is good practice to register native routines and to disable symbol
search.
See ‘Writing portable packages’ in the ‘Writing R Extensions’ manual.
Flavors: r-devel-linux-x86_64-fedora-clang, r-devel-linux-x86_64-fedora-gcc