Last updated on 2025-04-30 04:50:18 CEST.
Flavor | Version | Tinstall | Tcheck | Ttotal | Status | Flags |
---|---|---|---|---|---|---|
r-devel-linux-x86_64-debian-clang | 0.9-83-11 | 19.18 | 112.60 | 131.78 | OK | |
r-devel-linux-x86_64-debian-gcc | 0.9-83-11 | 11.73 | 72.40 | 84.13 | OK | |
r-devel-linux-x86_64-fedora-clang | 0.9-83-11 | 229.53 | OK | |||
r-devel-linux-x86_64-fedora-gcc | 0.9-83-11 | 214.27 | OK | |||
r-devel-windows-x86_64 | 0.9-83-11 | 20.00 | 148.00 | 168.00 | OK | |
r-patched-linux-x86_64 | 0.9-83-11 | 19.04 | 106.85 | 125.89 | OK | |
r-release-linux-x86_64 | 0.9-83-11 | 17.26 | 105.94 | 123.20 | OK | |
r-release-macos-arm64 | 0.9-83-11 | 41.00 | OK | |||
r-release-macos-x86_64 | 0.9-83-11 | 79.00 | OK | |||
r-release-windows-x86_64 | 0.9-83-11 | 23.00 | 146.00 | 169.00 | OK | |
r-oldrel-macos-arm64 | 0.9-83-11 | 53.00 | NOTE | |||
r-oldrel-macos-x86_64 | 0.9-83-11 | 82.00 | NOTE | |||
r-oldrel-windows-x86_64 | 0.9-83-11 | 27.00 | 188.00 | 215.00 | NOTE |
Version: 0.9-83-11
Check: package dependencies
Result: NOTE
Package which this enhances but not available for checking: ‘glmmADMB’
Flavors: r-oldrel-macos-arm64, r-oldrel-macos-x86_64, r-oldrel-windows-x86_64