Last updated on 2025-04-30 04:50:18 CEST.
Flavor | Version | Tinstall | Tcheck | Ttotal | Status | Flags |
---|---|---|---|---|---|---|
r-devel-linux-x86_64-debian-clang | 0.1.8 | 13.29 | 61.14 | 74.43 | NOTE | |
r-devel-linux-x86_64-debian-gcc | 0.1.8 | 9.40 | 41.33 | 50.73 | NOTE | |
r-devel-linux-x86_64-fedora-clang | 0.1.8 | 109.03 | OK | |||
r-devel-linux-x86_64-fedora-gcc | 0.1.8 | 104.07 | OK | |||
r-devel-windows-x86_64 | 0.1.8 | 18.00 | 90.00 | 108.00 | OK | |
r-patched-linux-x86_64 | 0.1.8 | 12.89 | 55.24 | 68.13 | OK | |
r-release-linux-x86_64 | 0.1.8 | 13.38 | 55.13 | 68.51 | OK | |
r-release-macos-arm64 | 0.1.8 | 32.00 | OK | |||
r-release-macos-x86_64 | 0.1.8 | 56.00 | OK | |||
r-release-windows-x86_64 | 0.1.8 | 18.00 | 88.00 | 106.00 | OK | |
r-oldrel-macos-arm64 | 0.1.8 | 34.00 | OK | |||
r-oldrel-macos-x86_64 | 0.1.8 | 51.00 | OK | |||
r-oldrel-windows-x86_64 | 0.1.8 | 21.00 | 109.00 | 130.00 | OK |
Version: 0.1.8
Check: CRAN incoming feasibility
Result: NOTE
Maintainer: ‘Etor Arza <etorarza@gmail.com>’
No Authors@R field in DESCRIPTION.
Please add one, modifying
Authors@R: person(given = "Etor",
family = "Arza",
role = c("aut", "cre"),
email = "etorarza@gmail.com")
as necessary.
Flavors: r-devel-linux-x86_64-debian-clang, r-devel-linux-x86_64-debian-gcc
Version: 0.1.8
Check: examples
Result: NOTE
Examples with CPU (user + system) or elapsed time > 5s
user system elapsed
get_Y_AB_bounds_bootstrap 3.832 0.094 5.986
Flavor: r-devel-linux-x86_64-debian-clang