Last updated on 2025-04-30 04:50:18 CEST.
Flavor | Version | Tinstall | Tcheck | Ttotal | Status | Flags |
---|---|---|---|---|---|---|
r-devel-linux-x86_64-debian-clang | 0.4 | 49.32 | 46.03 | 95.35 | NOTE | |
r-devel-linux-x86_64-debian-gcc | 0.4 | 33.16 | 36.84 | 70.00 | NOTE | |
r-devel-linux-x86_64-fedora-clang | 0.4 | 178.33 | OK | |||
r-devel-linux-x86_64-fedora-gcc | 0.4 | 171.66 | OK | |||
r-devel-windows-x86_64 | 0.4 | 56.00 | 96.00 | 152.00 | OK | |
r-patched-linux-x86_64 | 0.4 | 47.52 | 49.99 | 97.51 | OK | |
r-release-linux-x86_64 | 0.4 | 48.31 | 50.09 | 98.40 | OK | |
r-release-macos-arm64 | 0.4 | 50.00 | OK | |||
r-release-macos-x86_64 | 0.4 | 68.00 | OK | |||
r-release-windows-x86_64 | 0.4 | 56.00 | 95.00 | 151.00 | OK | |
r-oldrel-macos-arm64 | 0.4 | 46.00 | OK | |||
r-oldrel-macos-x86_64 | 0.4 | 87.00 | OK | |||
r-oldrel-windows-x86_64 | 0.4 | 61.00 | 107.00 | 168.00 | OK |
Version: 0.4
Check: examples
Result: NOTE
Examples with CPU (user + system) or elapsed time > 5s
user system elapsed
ae_rwnn 6.709 0.078 7.281
Flavor: r-devel-linux-x86_64-debian-clang
Version: 0.4
Check: examples
Result: NOTE
Examples with CPU (user + system) or elapsed time > 5s
user system elapsed
ae_rwnn 6.8 0.002 8.428
Flavor: r-devel-linux-x86_64-debian-gcc