Last updated on 2025-04-30 04:50:18 CEST.
Flavor | Version | Tinstall | Tcheck | Ttotal | Status | Flags |
---|---|---|---|---|---|---|
r-devel-linux-x86_64-debian-clang | 1.0.0 | 2.87 | 28.08 | 30.95 | NOTE | |
r-devel-linux-x86_64-debian-gcc | 1.0.0 | 2.04 | 21.75 | 23.79 | NOTE | |
r-devel-linux-x86_64-fedora-clang | 1.0.0 | 48.59 | OK | |||
r-devel-linux-x86_64-fedora-gcc | 1.0.0 | 47.05 | OK | |||
r-devel-windows-x86_64 | 1.0.0 | 5.00 | 47.00 | 52.00 | OK | |
r-patched-linux-x86_64 | 1.0.0 | 2.97 | 27.00 | 29.97 | OK | |
r-release-linux-x86_64 | 1.0.0 | 2.82 | 26.98 | 29.80 | OK | |
r-release-macos-arm64 | 1.0.0 | 23.00 | OK | |||
r-release-macos-x86_64 | 1.0.0 | 36.00 | OK | |||
r-release-windows-x86_64 | 1.0.0 | 5.00 | 51.00 | 56.00 | OK | |
r-oldrel-macos-arm64 | 1.0.0 | 19.00 | OK | |||
r-oldrel-macos-x86_64 | 1.0.0 | 48.00 | OK | |||
r-oldrel-windows-x86_64 | 1.0.0 | 5.00 | 50.00 | 55.00 | OK |
Version: 1.0.0
Check: CRAN incoming feasibility
Result: NOTE
Maintainer: ‘Mafalda Sá Ferreira <msm.ferreira@campus.fct.unl.pt>’
The Description field contains
<arXiv:2112.07508v3> and Oliveira et al. (2021) <arXiv:2102.05373v2>.
Please refer to arXiv e-prints via their arXiv DOI <doi:10.48550/arXiv.YYMM.NNNNN>.
Flavors: r-devel-linux-x86_64-debian-clang, r-devel-linux-x86_64-debian-gcc