CRAN Package Check Results for Package RZooRoH

Last updated on 2025-04-30 04:50:18 CEST.

Flavor Version Tinstall Tcheck Ttotal Status Flags
r-devel-linux-x86_64-debian-clang 0.3.2.1 10.64 79.11 89.75 NOTE
r-devel-linux-x86_64-debian-gcc 0.3.2.1 7.56 57.70 65.26 NOTE
r-devel-linux-x86_64-fedora-clang 0.3.2.1 133.04 OK
r-devel-linux-x86_64-fedora-gcc 0.3.2.1 145.06 OK
r-devel-windows-x86_64 0.3.2.1 18.00 159.00 177.00 OK
r-patched-linux-x86_64 0.3.2.1 10.05 71.83 81.88 OK
r-release-linux-x86_64 0.3.2.1 9.08 72.76 81.84 OK
r-release-macos-arm64 0.3.2.1 74.00 OK
r-release-macos-x86_64 0.3.2.1 145.00 OK
r-release-windows-x86_64 0.3.2.1 18.00 165.00 183.00 OK
r-oldrel-macos-arm64 0.3.2.1 69.00 OK
r-oldrel-macos-x86_64 0.3.2.1 113.00 OK
r-oldrel-windows-x86_64 0.3.2.1 20.00 156.00 176.00 OK

Check Details

Version: 0.3.2.1
Check: CRAN incoming feasibility
Result: NOTE Maintainer: ‘Tom Druet <tom.druet@uliege.be>’ No Authors@R field in DESCRIPTION. Please add one, modifying Authors@R: c(person(given = "Tom", family = "Druet", role = c("aut", "cre"), email = "tom.druet@uliege.be"), person(given = c("Naveen", "Kumar"), family = "Kadri", role = "aut"), person(given = "Amandine", family = "Bertrand", role = "aut"), person(given = "Mathieu", family = "Gautier", role = "aut")) as necessary. Flavors: r-devel-linux-x86_64-debian-clang, r-devel-linux-x86_64-debian-gcc