CRAN Package Check Results for Package RaceID

Last updated on 2025-04-30 04:50:16 CEST.

Flavor Version Tinstall Tcheck Ttotal Status Flags
r-devel-linux-x86_64-debian-clang 0.3.9 33.89 304.21 338.10 OK
r-devel-linux-x86_64-debian-gcc 0.3.9 24.59 198.78 223.37 OK
r-devel-linux-x86_64-fedora-clang 0.3.9 582.83 OK
r-devel-linux-x86_64-fedora-gcc 0.3.9 568.69 OK
r-devel-windows-x86_64 0.3.9 41.00 442.00 483.00 OK
r-patched-linux-x86_64 0.3.9 35.72 295.13 330.85 OK
r-release-linux-x86_64 0.3.9 36.59 293.94 330.53 OK
r-release-macos-arm64 0.3.9 202.00 OK
r-release-macos-x86_64 0.3.9 432.00 OK
r-release-windows-x86_64 0.3.9 43.00 448.00 491.00 OK
r-oldrel-macos-arm64 0.3.9 193.00 NOTE
r-oldrel-macos-x86_64 0.3.9 294.00 NOTE
r-oldrel-windows-x86_64 0.3.9 52.00 585.00 637.00 NOTE

Check Details

Version: 0.3.9
Check: installed package size
Result: NOTE installed size is 10.9Mb sub-directories of 1Mb or more: data 2.1Mb doc 6.6Mb libs 1.3Mb Flavors: r-oldrel-macos-arm64, r-oldrel-macos-x86_64, r-oldrel-windows-x86_64