Last updated on 2025-11-04 03:51:03 CET.
| Flavor | Version | Tinstall | Tcheck | Ttotal | Status | Flags | 
|---|---|---|---|---|---|---|
| r-devel-linux-x86_64-debian-clang | 1.1.9 | 13.39 | 89.11 | 102.50 | OK | |
| r-devel-linux-x86_64-debian-gcc | 1.1.9 | 11.02 | 71.29 | 82.31 | OK | |
| r-devel-linux-x86_64-fedora-clang | 1.1.9 | 29.00 | 132.62 | 161.62 | OK | |
| r-devel-linux-x86_64-fedora-gcc | 1.1.9 | 29.00 | 141.11 | 170.11 | OK | |
| r-devel-windows-x86_64 | 1.1.9 | 13.00 | 111.00 | 124.00 | OK | |
| r-patched-linux-x86_64 | 1.1.9 | 14.91 | 83.46 | 98.37 | OK | |
| r-release-linux-x86_64 | 1.1.9 | 14.05 | 83.57 | 97.62 | OK | |
| r-release-macos-arm64 | 1.1.9 | 13.00 | 84.00 | 97.00 | OK | |
| r-release-macos-x86_64 | 1.1.9 | 14.00 | 88.00 | 102.00 | OK | |
| r-release-windows-x86_64 | 1.1.9 | 12.00 | 105.00 | 117.00 | OK | |
| r-oldrel-macos-arm64 | 1.1.9 | 13.00 | 70.00 | 83.00 | NOTE | |
| r-oldrel-macos-x86_64 | 1.1.9 | 20.00 | 173.00 | 193.00 | NOTE | |
| r-oldrel-windows-x86_64 | 1.1.9 | 17.00 | 126.00 | 143.00 | NOTE | 
Version: 1.1.9
Check: installed package size
Result: NOTE
    installed size is  5.2Mb
    sub-directories of 1Mb or more:
      data      2.2Mb
      extdata   1.4Mb
Flavors: r-oldrel-macos-arm64, r-oldrel-macos-x86_64, r-oldrel-windows-x86_64