Last updated on 2025-04-30 04:50:16 CEST.
Flavor | Version | Tinstall | Tcheck | Ttotal | Status | Flags |
---|---|---|---|---|---|---|
r-devel-linux-x86_64-debian-clang | 0.2.0 | 14.75 | 119.00 | 133.75 | NOTE | |
r-devel-linux-x86_64-debian-gcc | 0.2.0 | 10.47 | 83.14 | 93.61 | NOTE | |
r-devel-linux-x86_64-fedora-clang | 0.2.0 | 207.30 | OK | |||
r-devel-linux-x86_64-fedora-gcc | 0.2.0 | 203.53 | OK | |||
r-devel-windows-x86_64 | 0.2.0 | 15.00 | 118.00 | 133.00 | OK | |
r-patched-linux-x86_64 | 0.2.0 | 14.53 | 109.60 | 124.13 | OK | |
r-release-linux-x86_64 | 0.2.0 | 13.19 | 108.81 | 122.00 | OK | |
r-release-macos-arm64 | 0.2.0 | 59.00 | OK | |||
r-release-macos-x86_64 | 0.2.0 | 141.00 | OK | |||
r-release-windows-x86_64 | 0.2.0 | 15.00 | 118.00 | 133.00 | OK | |
r-oldrel-macos-arm64 | 0.2.0 | 59.00 | NOTE | |||
r-oldrel-macos-x86_64 | 0.2.0 | 91.00 | NOTE | |||
r-oldrel-windows-x86_64 | 0.2.0 | 20.00 | 152.00 | 172.00 | NOTE |
Version: 0.2.0
Check: CRAN incoming feasibility
Result: NOTE
Maintainer: ‘José Matute <jmatuteflores@gmail.com>’
Package CITATION file contains call(s) to old-style personList() or
as.personList(). Please use c() on person objects instead.
Package CITATION file contains call(s) to old-style citEntry(). Please
use bibentry() instead.
Flavors: r-devel-linux-x86_64-debian-clang, r-devel-linux-x86_64-debian-gcc
Version: 0.2.0
Check: LazyData
Result: NOTE
'LazyData' is specified without a 'data' directory
Flavors: r-oldrel-macos-arm64, r-oldrel-macos-x86_64, r-oldrel-windows-x86_64