Last updated on 2025-04-30 04:50:16 CEST.
Flavor | Version | Tinstall | Tcheck | Ttotal | Status | Flags |
---|---|---|---|---|---|---|
r-devel-linux-x86_64-debian-clang | 4.2 | 5.45 | 42.92 | 48.37 | NOTE | |
r-devel-linux-x86_64-debian-gcc | 4.2 | 3.72 | 30.99 | 34.71 | NOTE | |
r-devel-linux-x86_64-fedora-clang | 4.2 | 75.26 | OK | |||
r-devel-linux-x86_64-fedora-gcc | 4.2 | 71.97 | OK | |||
r-devel-windows-x86_64 | 4.2 | 6.00 | 60.00 | 66.00 | OK | |
r-patched-linux-x86_64 | 4.2 | 5.43 | 41.53 | 46.96 | OK | |
r-release-linux-x86_64 | 4.2 | 4.63 | 41.03 | 45.66 | OK | |
r-release-macos-arm64 | 4.2 | 26.00 | OK | |||
r-release-macos-x86_64 | 4.2 | 46.00 | OK | |||
r-release-windows-x86_64 | 4.2 | 6.00 | 61.00 | 67.00 | OK | |
r-oldrel-macos-arm64 | 4.2 | 23.00 | OK | |||
r-oldrel-macos-x86_64 | 4.2 | 36.00 | OK | |||
r-oldrel-windows-x86_64 | 4.2 | 7.00 | 66.00 | 73.00 | OK |
Version: 4.2
Check: CRAN incoming feasibility
Result: NOTE
Maintainer: ‘Doug Nychka <nychka@mines.edu>’
No Authors@R field in DESCRIPTION.
Please add one, modifying
Authors@R: c(person(given = "Doug",
family = "Nychka",
role = c("aut", "cre"),
email = "nychka@mines.edu"),
person(given = "Eric",
family = "Gilleland",
role = "aut"),
person(given = "Liangying",
family = "Zhang",
role = "aut"),
person(given = "Tim",
family = "Hoar",
role = "aut"),
person(given = "Kate",
family = "Young",
role = "aut"))
as necessary.
Flavors: r-devel-linux-x86_64-debian-clang, r-devel-linux-x86_64-debian-gcc