Last updated on 2025-02-21 03:52:23 CET.
Flavor | Version | Tinstall | Tcheck | Ttotal | Status | Flags |
---|---|---|---|---|---|---|
r-devel-linux-x86_64-debian-clang | 0.98.0 | 45.51 | 57.46 | 102.97 | OK | |
r-devel-linux-x86_64-debian-gcc | 0.98.0 | 36.20 | 44.08 | 80.28 | OK | |
r-devel-linux-x86_64-fedora-clang | 0.98.0 | 201.79 | OK | |||
r-devel-linux-x86_64-fedora-gcc | 0.98.0 | 207.74 | OK | |||
r-devel-macos-arm64 | 0.98.0 | 66.00 | OK | |||
r-devel-macos-x86_64 | 0.98.0 | 134.00 | OK | |||
r-devel-windows-x86_64 | 0.98.0 | 52.00 | 133.00 | 185.00 | OK | |
r-patched-linux-x86_64 | 0.98.0 | 49.58 | 57.98 | 107.56 | OK | |
r-release-linux-x86_64 | 0.98.0 | 50.66 | 57.86 | 108.52 | OK | |
r-release-macos-arm64 | 0.98.0 | 57.00 | NOTE | |||
r-release-macos-x86_64 | 0.98.0 | 98.00 | NOTE | |||
r-release-windows-x86_64 | 0.98.0 | 52.00 | 135.00 | 187.00 | OK | |
r-oldrel-macos-arm64 | 0.98.0 | 77.00 | NOTE | |||
r-oldrel-macos-x86_64 | 0.98.0 | 173.00 | NOTE | |||
r-oldrel-windows-x86_64 | 0.98.0 | 62.00 | 151.00 | 213.00 | OK |
Version: 0.98.0
Check: installed package size
Result: NOTE
installed size is 5.2Mb
sub-directories of 1Mb or more:
libs 4.5Mb
Flavors: r-release-macos-arm64, r-release-macos-x86_64, r-oldrel-macos-arm64, r-oldrel-macos-x86_64