Last updated on 2025-04-30 04:50:16 CEST.
Flavor | Version | Tinstall | Tcheck | Ttotal | Status | Flags |
---|---|---|---|---|---|---|
r-devel-linux-x86_64-debian-clang | 0.1.1 | 2.62 | 62.75 | 65.37 | NOTE | |
r-devel-linux-x86_64-debian-gcc | 0.1.1 | 2.39 | 43.84 | 46.23 | NOTE | |
r-devel-linux-x86_64-fedora-clang | 0.1.1 | 105.52 | OK | |||
r-devel-linux-x86_64-fedora-gcc | 0.1.1 | 116.57 | OK | |||
r-devel-windows-x86_64 | 0.1.1 | 4.00 | 98.00 | 102.00 | OK | |
r-patched-linux-x86_64 | 0.1.1 | 2.88 | 60.66 | 63.54 | OK | |
r-release-linux-x86_64 | 0.1.1 | 3.13 | 60.01 | 63.14 | OK | |
r-release-macos-arm64 | 0.1.1 | 48.00 | OK | |||
r-release-macos-x86_64 | 0.1.1 | 85.00 | OK | |||
r-release-windows-x86_64 | 0.1.1 | 4.00 | 98.00 | 102.00 | OK | |
r-oldrel-macos-arm64 | 0.1.1 | 37.00 | OK | |||
r-oldrel-macos-x86_64 | 0.1.1 | 56.00 | OK | |||
r-oldrel-windows-x86_64 | 0.1.1 | 6.00 | 108.00 | 114.00 | OK |
Version: 0.1.1
Check: CRAN incoming feasibility
Result: NOTE
Maintainer: ‘Markus Loecher <markus.loecher@gmail.com>’
No Authors@R field in DESCRIPTION.
Please add one, modifying
Authors@R: c(person(given = "Markus",
family = "Loecher",
role = c("aut", "cre"),
email = "markus.loecher@gmail.com"),
person(given = "Madhav",
family = "Kumar",
role = "aut",
email = "madhavkumar2005@gmail.com"))
as necessary.
Flavors: r-devel-linux-x86_64-debian-clang, r-devel-linux-x86_64-debian-gcc
Version: 0.1.1
Check: examples
Result: NOTE
Examples with CPU (user + system) or elapsed time > 5s
user system elapsed
CropSpatialPolygonsDataFrame 5.862 0.045 6.706
Flavor: r-devel-linux-x86_64-debian-clang