Last updated on 2025-04-30 04:50:16 CEST.
Flavor | Version | Tinstall | Tcheck | Ttotal | Status | Flags |
---|---|---|---|---|---|---|
r-devel-linux-x86_64-debian-clang | 0.3.16 | 84.99 | 32.19 | 117.18 | OK | |
r-devel-linux-x86_64-debian-gcc | 0.3.16 | 67.68 | 25.11 | 92.79 | OK | |
r-devel-linux-x86_64-fedora-clang | 0.3.16 | 219.71 | OK | |||
r-devel-linux-x86_64-fedora-gcc | 0.3.16 | 242.63 | OK | |||
r-devel-windows-x86_64 | 0.3.16 | 107.00 | 185.00 | 292.00 | OK | |
r-patched-linux-x86_64 | 0.3.16 | 98.55 | 29.27 | 127.82 | OK | |
r-release-linux-x86_64 | 0.3.16 | 98.30 | 29.43 | 127.73 | OK | |
r-release-macos-arm64 | 0.3.16 | 77.00 | OK | |||
r-release-macos-x86_64 | 0.3.16 | 76.00 | OK | |||
r-release-windows-x86_64 | 0.3.16 | 103.00 | 172.00 | 275.00 | OK | |
r-oldrel-macos-arm64 | 0.3.16 | 80.00 | NOTE | |||
r-oldrel-macos-x86_64 | 0.3.16 | 128.00 | OK | |||
r-oldrel-windows-x86_64 | 0.3.16 | 97.00 | 233.00 | 330.00 | NOTE |
Version: 0.3.16
Check: installed package size
Result: NOTE
installed size is 27.2Mb
sub-directories of 1Mb or more:
blp 20.1Mb
libs 5.9Mb
Flavors: r-oldrel-macos-arm64, r-oldrel-windows-x86_64