Last updated on 2025-04-30 04:50:16 CEST.
Flavor | Version | Tinstall | Tcheck | Ttotal | Status | Flags |
---|---|---|---|---|---|---|
r-devel-linux-x86_64-debian-clang | 0.3-11 | 185.16 | 33.99 | 219.15 | OK | |
r-devel-linux-x86_64-debian-gcc | 0.3-11 | 132.31 | 26.32 | 158.63 | OK | |
r-devel-linux-x86_64-fedora-clang | 0.3-11 | 487.10 | OK | |||
r-devel-linux-x86_64-fedora-gcc | 0.3-11 | 433.10 | OK | |||
r-devel-windows-x86_64 | 0.3-11 | 208.00 | 89.00 | 297.00 | OK | |
r-patched-linux-x86_64 | 0.3-11 | 183.81 | 32.25 | 216.06 | OK | |
r-release-linux-x86_64 | 0.3-11 | 185.73 | 32.54 | 218.27 | OK | |
r-release-macos-arm64 | 0.3-11 | 90.00 | OK | |||
r-release-macos-x86_64 | 0.3-11 | 99.00 | OK | |||
r-release-windows-x86_64 | 0.3-11 | 213.00 | 90.00 | 303.00 | OK | |
r-oldrel-macos-arm64 | 0.3-11 | 94.00 | NOTE | |||
r-oldrel-macos-x86_64 | 0.3-11 | 139.00 | NOTE | |||
r-oldrel-windows-x86_64 | 0.3-11 | 187.00 | 103.00 | 290.00 | OK |
Version: 0.3-11
Check: installed package size
Result: NOTE
installed size is 14.3Mb
sub-directories of 1Mb or more:
libs 14.0Mb
Flavors: r-oldrel-macos-arm64, r-oldrel-macos-x86_64