Last updated on 2025-04-30 04:50:16 CEST.
Flavor | Version | Tinstall | Tcheck | Ttotal | Status | Flags |
---|---|---|---|---|---|---|
r-devel-linux-x86_64-debian-clang | 1.4-4 | 9.32 | 62.68 | 72.00 | NOTE | |
r-devel-linux-x86_64-debian-gcc | 1.4-4 | 5.78 | 41.34 | 47.12 | OK | |
r-devel-linux-x86_64-fedora-clang | 1.4-4 | 114.84 | OK | |||
r-devel-linux-x86_64-fedora-gcc | 1.4-4 | 112.48 | OK | |||
r-devel-windows-x86_64 | 1.4-4 | 9.00 | 84.00 | 93.00 | OK | |
r-patched-linux-x86_64 | 1.4-4 | 11.00 | 59.94 | 70.94 | OK | |
r-release-linux-x86_64 | 1.4-4 | 9.53 | 58.25 | 67.78 | OK | |
r-release-macos-arm64 | 1.4-4 | 35.00 | OK | |||
r-release-macos-x86_64 | 1.4-4 | 68.00 | OK | |||
r-release-windows-x86_64 | 1.4-4 | 8.00 | 88.00 | 96.00 | OK | |
r-oldrel-macos-arm64 | 1.4-4 | 30.00 | OK | |||
r-oldrel-macos-x86_64 | 1.4-4 | 56.00 | OK | |||
r-oldrel-windows-x86_64 | 1.4-4 | 9.00 | 80.00 | 89.00 | OK |
Version: 1.4-4
Check: examples
Result: NOTE
Examples with CPU (user + system) or elapsed time > 5s
user system elapsed
closedpMS 3.519 0.011 5.064
Flavor: r-devel-linux-x86_64-debian-clang